{"id":731,"date":"2021-07-29T15:54:13","date_gmt":"2021-07-29T12:54:13","guid":{"rendered":"https:\/\/tehronmachines.ro\/pro\/?post_type=product&#038;p=731"},"modified":"2024-11-30T14:56:33","modified_gmt":"2024-11-30T11:56:33","slug":"freza-forestiera-seppi-kastor-pentru-tractor","status":"publish","type":"product","link":"https:\/\/tehronmachines.ro\/pro\/produs\/freza-forestiera-seppi-kastor-pentru-tractor\/","title":{"rendered":"Freza forestier\u0103 SEPPI Kastor &#8211; pentru tractor"},"content":{"rendered":"<h2>Freza forestier\u0103 SEPPI Kastor &#8211; pentru tractor<\/h2>\n<p><img data-recalc-dims=\"1\" decoding=\"async\" src=\"https:\/\/i0.wp.com\/www.agriimport.cz\/rimg\/792\/1200x630\/fill.jpg?w=1200\" alt=\"KASTOR | AGRIIMPORT Plze\u0148, s.r.o.\" \/><\/p>\n<div class=\"page\" title=\"Page 28\">\n<div class=\"layoutArea\">\n<div class=\"column\">\n<h2>Freza de cioate<\/h2>\n<p>Rol, functionare, utilizari generice \/ role, function, main use:<\/p>\n<ul>\n<li>inlocuieste munca manuala sau cea efectuata cu ajutorul micii mecanizari de scoatere a\n<p>cioatelor si tocarea acestora<\/li>\n<li>marunteste cioatele cu ajutorul unor dinti (sau ciocane) montati pe un disc de dimesniuni\n<p>mari, printr-o pendulare laterala; \u00eentre dou\u0103 pendul\u0103ri succesive se regleaz\u0103 avansul pe verticala<\/li>\n<li>curatarea terenurilor in vederea reimpaduririi, curatarea parcurilor, aleilor si gardinilor\n<p>Caracteristici \/ characteristics:<\/p>\n<ul>\n<li>utilaje cu motor propriu sau actionate de un utilaj purtator prin intermediul transmisiei\n<p>cardanice sau hidraulice<\/li>\n<li>pot fi atasate la marea majoritate a utilajelor purtatoare dotate cu priza de putere\n<p>mecanica sau sistem hidraulic<\/li>\n<li>frezeaza cioatele in profunzime<\/li>\n<li>lasa tocatura pe loc pentru a fi folosita ca ingasamant sau mulci\n<p>Avantaje \/ advantages:<\/p>\n<ul>\n<li>permit indepartarea eficienta a cioatelor rezulate in urma taierilor in parcuri, alei, gradini<\/li>\n<li>variante constructive pentru marea majoritate a utilajelor purtatoare<\/li>\n<li>intretinere ieftina si simpla\n<p>Domenii aplicare \/ applications: exploatari forestiere, prestari servicii, lucrari comunale, imbunatatiri funciare, peisagistica, pepiniere, urbanism, constructii si intretinere drumuri publice<\/p>\n<p>Categorii clienti \/ customer \u2013 user cathegories:<\/p>\n<ul>\n<li>Exploatari forestiere<\/li>\n<li>Primarii<\/li>\n<li>Firme prestari servicii<\/li>\n<li>Firme de spatii verzi<\/li>\n<li>Regii administrare drumuri publice<\/li>\n<li>Partii de ski<\/li>\n<li>Firme de constructii\n<p>Notiuni, termeni cheie \/ key notions, terms: cioata, freza, mulci, frezare cioate, tocatura, tocare, ferzare cioate, tocare cioate, scos cioate, aliniamente, parc, alee, gradini, tarup<\/li>\n<\/ul>\n<\/li>\n<\/ul>\n<\/li>\n<\/ul>\n<\/li>\n<\/ul>\n<\/div>\n<\/div>\n<\/div>\n","protected":false},"excerpt":{"rendered":"<h2>Freza forestier\u0103 SEPPI Kastor &#8211; pentru tractor<\/h2>\n<p><img loading=\"lazy\" decoding=\"async\" class=\"\" src=\"https:\/\/www.valkon.hu\/storage\/app\/media\/Markak\/SEPPI\/FC-KASTOR\/KASTOR\/KASTOR_2014-7.jpg\" alt=\"Valkon - KASTOR\" width=\"1144\" height=\"858\" \/><\/p>\n","protected":false},"featured_media":775,"comment_status":"open","ping_status":"closed","template":"","meta":{"_acf_changed":false,"_exactmetrics_skip_tracking":false,"_exactmetrics_sitenote_active":false,"_exactmetrics_sitenote_note":"","_exactmetrics_sitenote_category":0,"_monsterinsights_skip_tracking":false,"_monsterinsights_sitenote_active":false,"_monsterinsights_sitenote_note":"","_monsterinsights_sitenote_category":0,"neve_meta_sidebar":"","neve_meta_container":"","neve_meta_enable_content_width":"off","neve_meta_content_width":70,"neve_meta_title_alignment":"","neve_meta_author_avatar":"","neve_post_elements_order":"","neve_meta_disable_header":"","neve_meta_disable_footer":"","neve_meta_disable_title":"","jetpack_post_was_ever_published":false,"jetpack_publicize_message":"","jetpack_publicize_feature_enabled":true,"jetpack_social_post_already_shared":true,"jetpack_social_options":{"image_generator_settings":{"template":"highway","default_image_id":0,"font":"","enabled":false},"version":2}},"product_cat":[1064,27,1061,1041],"product_tag":[314,311,313,116,41,210,312,294],"class_list":{"0":"post-731","1":"product","2":"type-product","3":"status-publish","4":"has-post-thumbnail","6":"product_brand-bolzano-italia","7":"product_cat-freze-forestiere-recuperare-terenuri-post-exploatare","8":"product_cat-masini-si-utilaje","9":"product_cat-recuperare-terenuri-post-exploatare","10":"product_cat-silvicultura-si-exploatari-forestiere","11":"product_tag-curatat-teren","12":"product_tag-freza-de-cioate","13":"product_tag-kastor","14":"product_tag-masini","15":"product_tag-peisagistica","16":"product_tag-profesional","17":"product_tag-seppi","18":"product_tag-utilaje-purtate-pto","20":"first","21":"onbackorder","22":"taxable","23":"shipping-taxable","24":"product-type-simple"},"acf":[],"aioseo_notices":[],"jetpack_publicize_connections":[],"jetpack-related-posts":[],"jetpack_likes_enabled":true,"jetpack_sharing_enabled":true,"_links":{"self":[{"href":"https:\/\/tehronmachines.ro\/pro\/wp-json\/wp\/v2\/product\/731","targetHints":{"allow":["GET"]}}],"collection":[{"href":"https:\/\/tehronmachines.ro\/pro\/wp-json\/wp\/v2\/product"}],"about":[{"href":"https:\/\/tehronmachines.ro\/pro\/wp-json\/wp\/v2\/types\/product"}],"replies":[{"embeddable":true,"href":"https:\/\/tehronmachines.ro\/pro\/wp-json\/wp\/v2\/comments?post=731"}],"wp:featuredmedia":[{"embeddable":true,"href":"https:\/\/tehronmachines.ro\/pro\/wp-json\/wp\/v2\/media\/775"}],"wp:attachment":[{"href":"https:\/\/tehronmachines.ro\/pro\/wp-json\/wp\/v2\/media?parent=731"}],"wp:term":[{"taxonomy":"product_cat","embeddable":true,"href":"https:\/\/tehronmachines.ro\/pro\/wp-json\/wp\/v2\/product_cat?post=731"},{"taxonomy":"product_tag","embeddable":true,"href":"https:\/\/tehronmachines.ro\/pro\/wp-json\/wp\/v2\/product_tag?post=731"}],"curies":[{"name":"wp","href":"https:\/\/api.w.org\/{rel}","templated":true}]}}