{"id":2921,"date":"2024-02-13T12:45:00","date_gmt":"2024-02-13T09:45:00","guid":{"rendered":"https:\/\/tehronmachines.ro\/pro\/?post_type=product&#038;p=2921"},"modified":"2024-10-16T10:51:33","modified_gmt":"2024-10-16T07:51:33","slug":"motoburghiu-heiss-bohrfuch-bf37","status":"publish","type":"product","link":"https:\/\/tehronmachines.ro\/pro\/produs\/motoburghiu-heiss-bohrfuch-bf37\/","title":{"rendered":"Motoburghiu Heiss Bohrfuch BF37"},"content":{"rendered":"<h2><span style=\"color: #00ffff\">Bohrfuch BF37<\/span><\/h2>\n<p>Motoburghiu portabil de forare a p\u0103m\u00e2ntului pentru dou\u0103 persoane, echipat\u0103 cu dou\u0103 piroane de p\u0103m\u00e2nt. Acest lucru permite forarea absolut sigur\u0103 \u00een orice condi\u021bii de sol. Cuplul de forare este creat de conexiunea de for\u021b\u0103 cu p\u0103m\u00e2ntul cauzat \u0219i previne loviturile la bra\u021bele operatorilor.<\/p>\n<ul>\n<li>Siguran\u021b\u0103 ridicat\u0103 la locul de munc\u0103<\/li>\n<li>Posibilit\u0103\u021bi de g\u0103urire \u00f8: 60 mm &#8211; 350 mm<\/li>\n<li>Dimensiuni pozi\u021bie de lucru: (LxLxA): 140 x 67 x 225 cm<\/li>\n<li>Dimensiuni \u00een pozi\u021bie de transport (LxLxA): 60 x 60 x 50 cm<\/li>\n<\/ul>\n<p>&nbsp;<\/p>\n<p><a href=\"https:\/\/i0.wp.com\/tehronmachines.ro\/pro\/wp-content\/uploads\/2024\/02\/image-21.png?ssl=1\"><img data-recalc-dims=\"1\" loading=\"lazy\" decoding=\"async\" class=\"wp-image-2922 alignnone \" src=\"https:\/\/i0.wp.com\/tehronmachines.ro\/pro\/wp-content\/uploads\/2024\/02\/image-21.png?resize=873%2C96&#038;ssl=1\" alt=\"\" width=\"873\" height=\"96\" srcset=\"https:\/\/i0.wp.com\/tehronmachines.ro\/pro\/wp-content\/uploads\/2024\/02\/image-21.png?w=1157&amp;ssl=1 1157w, https:\/\/i0.wp.com\/tehronmachines.ro\/pro\/wp-content\/uploads\/2024\/02\/image-21.png?resize=300%2C33&amp;ssl=1 300w, https:\/\/i0.wp.com\/tehronmachines.ro\/pro\/wp-content\/uploads\/2024\/02\/image-21.png?resize=1024%2C112&amp;ssl=1 1024w, https:\/\/i0.wp.com\/tehronmachines.ro\/pro\/wp-content\/uploads\/2024\/02\/image-21.png?resize=768%2C84&amp;ssl=1 768w, https:\/\/i0.wp.com\/tehronmachines.ro\/pro\/wp-content\/uploads\/2024\/02\/image-21.png?resize=600%2C66&amp;ssl=1 600w\" sizes=\"auto, (max-width: 873px) 100vw, 873px\" \/><\/a><\/p>\n<p>&nbsp;<\/p>\n<p>Imaginile au caracter orientativ!<\/p>\n<p>&nbsp;<\/p>\n<p>Pre\u021burile nu includ TVA!<\/p>\n","protected":false},"excerpt":{"rendered":"<p>Motoburghiu Heiss Bohrfuch BF37;<\/p>\n<p>Motoburghiu portabil de forare a p\u0103m\u00e2ntului pentru dou\u0103 persoane, echipat\u0103 cu dou\u0103 piroane de p\u0103m\u00e2nt;<\/p>\n","protected":false},"featured_media":2923,"comment_status":"open","ping_status":"closed","template":"","meta":{"_acf_changed":false,"_exactmetrics_skip_tracking":false,"_exactmetrics_sitenote_active":false,"_exactmetrics_sitenote_note":"","_exactmetrics_sitenote_category":0,"_monsterinsights_skip_tracking":false,"_monsterinsights_sitenote_active":false,"_monsterinsights_sitenote_note":"","_monsterinsights_sitenote_category":0,"neve_meta_sidebar":"","neve_meta_container":"","neve_meta_enable_content_width":"off","neve_meta_content_width":100,"neve_meta_title_alignment":"","neve_meta_author_avatar":"","neve_post_elements_order":"","neve_meta_disable_header":"","neve_meta_disable_footer":"","neve_meta_disable_title":"","jetpack_post_was_ever_published":false,"jetpack_publicize_message":"","jetpack_publicize_feature_enabled":true,"jetpack_social_post_already_shared":true,"jetpack_social_options":{"image_generator_settings":{"template":"highway","default_image_id":0,"font":"","enabled":false},"version":2}},"product_cat":[1035,1028,27],"product_tag":[908,955,289,290,954,754,808],"class_list":{"0":"post-2921","1":"product","2":"type-product","3":"status-publish","4":"has-post-thumbnail","6":"product_brand-heiss-germania","7":"product_cat-burghie-foreze-de-pamant","8":"product_cat-lucrari-comunale-municipale","9":"product_cat-masini-si-utilaje","10":"product_tag-burghiu","11":"product_tag-heiss","12":"product_tag-lucrari-comunale","13":"product_tag-lucrari-municipale","14":"product_tag-motoburgiu","15":"product_tag-utilaj-nou","16":"product_tag-utilaj-profesional","18":"first","19":"onbackorder","20":"taxable","21":"shipping-taxable","22":"product-type-simple"},"acf":[],"aioseo_notices":[],"jetpack_publicize_connections":[],"jetpack-related-posts":[],"jetpack_likes_enabled":true,"jetpack_sharing_enabled":true,"_links":{"self":[{"href":"https:\/\/tehronmachines.ro\/pro\/wp-json\/wp\/v2\/product\/2921","targetHints":{"allow":["GET"]}}],"collection":[{"href":"https:\/\/tehronmachines.ro\/pro\/wp-json\/wp\/v2\/product"}],"about":[{"href":"https:\/\/tehronmachines.ro\/pro\/wp-json\/wp\/v2\/types\/product"}],"replies":[{"embeddable":true,"href":"https:\/\/tehronmachines.ro\/pro\/wp-json\/wp\/v2\/comments?post=2921"}],"wp:featuredmedia":[{"embeddable":true,"href":"https:\/\/tehronmachines.ro\/pro\/wp-json\/wp\/v2\/media\/2923"}],"wp:attachment":[{"href":"https:\/\/tehronmachines.ro\/pro\/wp-json\/wp\/v2\/media?parent=2921"}],"wp:term":[{"taxonomy":"product_cat","embeddable":true,"href":"https:\/\/tehronmachines.ro\/pro\/wp-json\/wp\/v2\/product_cat?post=2921"},{"taxonomy":"product_tag","embeddable":true,"href":"https:\/\/tehronmachines.ro\/pro\/wp-json\/wp\/v2\/product_tag?post=2921"}],"curies":[{"name":"wp","href":"https:\/\/api.w.org\/{rel}","templated":true}]}}