{"id":2907,"date":"2024-02-12T15:32:43","date_gmt":"2024-02-12T12:32:43","guid":{"rendered":"https:\/\/tehronmachines.ro\/pro\/?post_type=product&#038;p=2907"},"modified":"2024-09-07T11:14:24","modified_gmt":"2024-09-07T08:14:24","slug":"remorca-cu-pereti-din-tabla-de-otel-inoxidabil-agrobellon","status":"publish","type":"product","link":"https:\/\/tehronmachines.ro\/pro\/produs\/remorca-cu-pereti-din-tabla-de-otel-inoxidabil-agrobellon\/","title":{"rendered":"Remorc\u0103 cu pere\u021bi din tabl\u0103 de o\u021bel inoxidabil Agrobellon"},"content":{"rendered":"<p>Remorc\u0103 agricol\u0103 carosat\u0103 cu baie monobloc cu tabl\u0103 de o\u021bel inoxidabil de 3 mm grosime, calitate alimentar\u0103 pentru transportul strugurilor. Designul s\u0103u drept sau conic faciliteaz\u0103 desc\u0103rcarea materialului.<\/p>\n<p>Profilele inferioare ale cadrului basculant sunt realizate din profile de \u00eenalt\u0103 rezisten\u021b\u0103 \u0219i elasticitate, asigur\u00e2nd robuste\u021bea \u0219i stabilitatea remorc\u0103rii mari.<\/p>\n<p>Partea din spate cu u\u0219\u0103 de deschidere spre iner\u021bia de ridicare cu garnitur\u0103 de cauciuc asigur\u0103 etan\u0219area.<\/p>\n<h2><span style=\"color: #00ffff\">Caracteristici:<\/span><\/h2>\n<ul>\n<li>Suspensie cu arcuri.<\/li>\n<li>Pun\u021bi cu fr\u00e2n\u0103 hidraulic\u0103 \u0219i parcare.<\/li>\n<li>Anvelope noi cu jant\u0103 de vitez\u0103 (nu recondi\u021bionate \/ re\u0219apate).<\/li>\n<li>Bile de rulare fa\u021b\u0103.<\/li>\n<li>\u00cenclinare spate cu un telescop.<\/li>\n<li>Instala\u021bie electric\u0103 \u00een conformitate cu reglement\u0103rile CE.<\/li>\n<li>Cutie de scule.<\/li>\n<li>Dock pe suspensie de aruncare.<\/li>\n<li>Lan\u021buri de siguran\u021b\u0103 suli\u021b\u0103.<\/li>\n<li>Rezervor de ap\u0103.<\/li>\n<\/ul>\n<h2><span style=\"color: #00ffff\">Op\u021bionale:<\/span><\/h2>\n<ul>\n<li>Anvelope diferite.<\/li>\n<li>Roat\u0103 de rezerv\u0103.<\/li>\n<li>\u00cenclinare spate cu dou\u0103 telescoape.<\/li>\n<li>Poart\u0103 cu deschidere hidraulic\u0103.<\/li>\n<\/ul>\n<p><img data-recalc-dims=\"1\" loading=\"lazy\" decoding=\"async\" class=\"\" src=\"https:\/\/i0.wp.com\/www.agromaquinaria.es\/empresas\/812\/productos\/remolques-basculantes-ban-0527301001680541161.jpg?resize=747%2C420&#038;ssl=1\" alt=\"Dumpers of 2 axles\" width=\"747\" height=\"420\" \/><\/p>\n<p>&nbsp;<\/p>\n<p>Imaginile sunt orientative!<\/p>\n<p>Pre\u021burile nu includ TVA!<\/p>\n","protected":false},"excerpt":{"rendered":"<p>Remorc\u0103 cu pere\u021bi din tabl\u0103 de o\u021bel inoxidabil Agrobellon<\/p>\n<p>Remorc\u0103 agricol\u0103 carosat\u0103 cu baie monobloc cu tabl\u0103 de o\u021bel inoxidabil de 3 mm grosime, calitate alimentar\u0103 pentru transportul strugurilor<\/p>\n","protected":false},"featured_media":2909,"comment_status":"open","ping_status":"closed","template":"","meta":{"_acf_changed":false,"_exactmetrics_skip_tracking":false,"_exactmetrics_sitenote_active":false,"_exactmetrics_sitenote_note":"","_exactmetrics_sitenote_category":0,"_monsterinsights_skip_tracking":false,"_monsterinsights_sitenote_active":false,"_monsterinsights_sitenote_note":"","_monsterinsights_sitenote_category":0,"neve_meta_sidebar":"","neve_meta_container":"","neve_meta_enable_content_width":"off","neve_meta_content_width":100,"neve_meta_title_alignment":"","neve_meta_author_avatar":"","neve_post_elements_order":"","neve_meta_disable_header":"","neve_meta_disable_footer":"","neve_meta_disable_title":"","jetpack_post_was_ever_published":false,"jetpack_publicize_message":"","jetpack_publicize_feature_enabled":true,"jetpack_social_post_already_shared":true,"jetpack_social_options":{"image_generator_settings":{"template":"highway","default_image_id":0,"font":"","enabled":false},"version":2}},"product_cat":[27,1083,1041,1056],"product_tag":[289,290,947,946,945,210,782,944,211],"class_list":{"0":"post-2907","1":"product","2":"type-product","3":"status-publish","4":"has-post-thumbnail","6":"product_brand-agrobellon-spania","7":"product_cat-masini-si-utilaje","8":"product_cat-remorci-cu-pereti-inoxidabili","9":"product_cat-silvicultura-si-exploatari-forestiere","10":"product_cat-transport","11":"product_tag-lucrari-comunale","12":"product_tag-lucrari-municipale","13":"product_tag-otel","14":"product_tag-otel-alimentar","15":"product_tag-otel-inoxidabil","16":"product_tag-profesional","17":"product_tag-remorca","18":"product_tag-struguri","19":"product_tag-utilaje-profesionale","21":"first","22":"onbackorder","23":"taxable","24":"shipping-taxable","25":"product-type-simple"},"acf":[],"aioseo_notices":[],"jetpack_publicize_connections":[],"jetpack-related-posts":[],"jetpack_likes_enabled":true,"jetpack_sharing_enabled":true,"_links":{"self":[{"href":"https:\/\/tehronmachines.ro\/pro\/wp-json\/wp\/v2\/product\/2907","targetHints":{"allow":["GET"]}}],"collection":[{"href":"https:\/\/tehronmachines.ro\/pro\/wp-json\/wp\/v2\/product"}],"about":[{"href":"https:\/\/tehronmachines.ro\/pro\/wp-json\/wp\/v2\/types\/product"}],"replies":[{"embeddable":true,"href":"https:\/\/tehronmachines.ro\/pro\/wp-json\/wp\/v2\/comments?post=2907"}],"wp:featuredmedia":[{"embeddable":true,"href":"https:\/\/tehronmachines.ro\/pro\/wp-json\/wp\/v2\/media\/2909"}],"wp:attachment":[{"href":"https:\/\/tehronmachines.ro\/pro\/wp-json\/wp\/v2\/media?parent=2907"}],"wp:term":[{"taxonomy":"product_cat","embeddable":true,"href":"https:\/\/tehronmachines.ro\/pro\/wp-json\/wp\/v2\/product_cat?post=2907"},{"taxonomy":"product_tag","embeddable":true,"href":"https:\/\/tehronmachines.ro\/pro\/wp-json\/wp\/v2\/product_tag?post=2907"}],"curies":[{"name":"wp","href":"https:\/\/api.w.org\/{rel}","templated":true}]}}