{"id":2566,"date":"2023-10-24T19:21:13","date_gmt":"2023-10-24T16:21:13","guid":{"rendered":"https:\/\/tehronmachines.ro\/pro\/?post_type=product&#038;p=2566"},"modified":"2024-11-20T12:26:44","modified_gmt":"2024-11-20T09:26:44","slug":"mulcer-tocator-de-resturi-vegetale-seppi-s9-multipla","status":"publish","type":"product","link":"https:\/\/tehronmachines.ro\/pro\/produs\/mulcer-tocator-de-resturi-vegetale-seppi-s9-multipla\/","title":{"rendered":"Mulcer \u2013 toc\u0103tor de resturi vegetale \u2013 Seppi S9- multipla"},"content":{"rendered":"<h3><span style=\"color: #ff0000\">Disponibil \u00een 4 configura\u021bii!<\/span><\/h3>\n<p>Versiunea standard &#8211; cuplare de remorc\u0103 a versiunii standardcuplare de remorc\u0103 a versiunii standard mulcitoarele sunt trase \u00een fa\u021b\u0103, cu 2 ro\u021bi<br \/>\nAta\u0219ament \u00een 3 puncte &#8211; 3 mulg\u0103toare &#8211; trac\u021biune \u00eenainte<br \/>\nAta\u0219ament \u00een 3 puncte &#8211; 3 mulcior de rezerv\u0103 trac\u021biune\/ \u00eempingere<br \/>\nHidraulic \u00een 3 puncte &#8211; 2 mulci &#8211; trac\u021biune \u00eenainte<\/p>\n<p>L\u0103\u021bime de lucru: 800 cm<\/p>\n<h3><span style=\"color: #ff0000\">S9 multipla &#8211; VERSIUNE STANDARD<\/span><\/h3>\n<p>Mulce\u0219te iarba \u0219i resturile de t\u0103iere p\u00e2n\u0103 la 9 cm \u00d8<br \/>\nVitez\u0103 de lucru 3-10 km\/h<br \/>\nAta\u0219are remorc\u0103 cu dou\u0103 cositori laterale \u0219i baza central\u0103 S9, cu 2 ro\u021bi, ap\u0103r\u0103tori de noroi \u0219i suport hidraulic de parcare<br \/>\nMa\u0219in\u0103 central\u0103, pentru utilizare independent\u0103 cu: Baza S9<br \/>\nCutie de viteze 1000 rpm<br \/>\nArbore de intrare 1 3\/4&#8243; Z=6<br \/>\nTransmisie cu curea (3&#215;5)<br \/>\nSistem hidraulic prin intermediul tractorului<br \/>\nSistem de ungere automat\u0103<br \/>\n\u0218asiu fabricat din o\u021bel de \u00eenalt\u0103 rezisten\u021b\u0103 S420 cu pl\u0103ci de uzur\u0103 interne \u00eenlocuibile<br \/>\nFiecare utilaj cu 2 r\u00e2nduri de contracu\u021bite temperate \u00eenlocuibile<br \/>\nSistem de fr\u00e2nare pneumatic\u0103 TRISTOP<br \/>\nProtec\u021bie frontal\u0103 cu lan\u021buri<br \/>\nCapot\u0103 spate reglabil\u0103 M-FLAP pentru a seta gradul de mulcire; cu protec\u021bie din cauciuc<br \/>\nCilindru de sus\u021binere, reglabil \u00een \u00een\u0103l\u021bime; rulment \u0219i cilindru \u00eent\u0103rit<br \/>\nCulori: ro\u0219u RAL3020 \u0219i c\u0103rbune RAL7021<\/p>\n<h3>\n<span style=\"color: #ff0000\">OP\u021aIUNI<\/span><\/h3>\n<p>Arbore de transmisie PTO \/ Arbore de transmisie PTO cu unghi larg<\/p>\n<p>&nbsp;<\/p>\n<p><!--StartFragment-->&nbsp;<\/p>\n<p><!--StartFragment--><\/p>\n<p><!--StartFragment-->Imaginile au caracter orientativ!<\/p>\n<p>&nbsp;<\/p>\n<p>Pre\u021burile nu includ TVA!<\/p>\n<p><!--EndFragment--><\/p>\n","protected":false},"excerpt":{"rendered":"<p>Mulcer \u2013 toc\u0103tor de resturi vegetale \u2013 Seppi S9- multipla<\/p>\n","protected":false},"featured_media":2567,"comment_status":"open","ping_status":"closed","template":"","meta":{"_acf_changed":false,"_exactmetrics_skip_tracking":false,"_exactmetrics_sitenote_active":false,"_exactmetrics_sitenote_note":"","_exactmetrics_sitenote_category":0,"_monsterinsights_skip_tracking":false,"_monsterinsights_sitenote_active":false,"_monsterinsights_sitenote_note":"","_monsterinsights_sitenote_category":0,"neve_meta_sidebar":"","neve_meta_container":"","neve_meta_enable_content_width":"off","neve_meta_content_width":100,"neve_meta_title_alignment":"","neve_meta_author_avatar":"","neve_post_elements_order":"","neve_meta_disable_header":"","neve_meta_disable_footer":"","neve_meta_disable_title":"","jetpack_post_was_ever_published":false,"jetpack_publicize_message":"","jetpack_publicize_feature_enabled":true,"jetpack_social_post_already_shared":true,"jetpack_social_options":{"image_generator_settings":{"template":"highway","default_image_id":0,"font":"","enabled":false},"version":2}},"product_cat":[1022,996,1028,997,27,1030,1005,1027,101],"product_tag":[314,116,332,41,210,312,826,827],"class_list":{"0":"post-2566","1":"product","2":"type-product","3":"status-publish","4":"has-post-thumbnail","6":"product_brand-bolzano-italia","7":"product_cat-curatenie","8":"product_cat-gospodarie-gradinarit","9":"product_cat-lucrari-comunale-municipale","10":"product_cat-lucrari-de-peisagistica","11":"product_cat-masini-si-utilaje","12":"product_cat-tocatoare-de-crengi-lucrari-comunale-municipale","13":"product_cat-tocatoare-de-crengi-diam-4-40-cm","14":"product_cat-tocatoare-de-crengi","15":"product_cat-tocatoare-de-crengi-gospodarie-gradinarit","16":"product_tag-curatat-teren","17":"product_tag-masini","18":"product_tag-mulcer","19":"product_tag-peisagistica","20":"product_tag-profesional","21":"product_tag-seppi","22":"product_tag-seppim","23":"product_tag-utilaje-purtate","25":"first","26":"onbackorder","27":"taxable","28":"shipping-taxable","29":"product-type-simple"},"acf":[],"aioseo_notices":[],"jetpack_publicize_connections":[],"jetpack-related-posts":[],"jetpack_likes_enabled":true,"jetpack_sharing_enabled":true,"_links":{"self":[{"href":"https:\/\/tehronmachines.ro\/pro\/wp-json\/wp\/v2\/product\/2566","targetHints":{"allow":["GET"]}}],"collection":[{"href":"https:\/\/tehronmachines.ro\/pro\/wp-json\/wp\/v2\/product"}],"about":[{"href":"https:\/\/tehronmachines.ro\/pro\/wp-json\/wp\/v2\/types\/product"}],"replies":[{"embeddable":true,"href":"https:\/\/tehronmachines.ro\/pro\/wp-json\/wp\/v2\/comments?post=2566"}],"wp:featuredmedia":[{"embeddable":true,"href":"https:\/\/tehronmachines.ro\/pro\/wp-json\/wp\/v2\/media\/2567"}],"wp:attachment":[{"href":"https:\/\/tehronmachines.ro\/pro\/wp-json\/wp\/v2\/media?parent=2566"}],"wp:term":[{"taxonomy":"product_cat","embeddable":true,"href":"https:\/\/tehronmachines.ro\/pro\/wp-json\/wp\/v2\/product_cat?post=2566"},{"taxonomy":"product_tag","embeddable":true,"href":"https:\/\/tehronmachines.ro\/pro\/wp-json\/wp\/v2\/product_tag?post=2566"}],"curies":[{"name":"wp","href":"https:\/\/api.w.org\/{rel}","templated":true}]}}