{"id":2529,"date":"2023-10-19T23:15:09","date_gmt":"2023-10-19T20:15:09","guid":{"rendered":"https:\/\/tehronmachines.ro\/pro\/?post_type=product&#038;p=2529"},"modified":"2024-11-20T12:36:19","modified_gmt":"2024-11-20T09:36:19","slug":"mulcer-tocator-de-resturi-vegetale-seppi-smwa-rev-cf","status":"publish","type":"product","link":"https:\/\/tehronmachines.ro\/pro\/produs\/mulcer-tocator-de-resturi-vegetale-seppi-smwa-rev-cf\/","title":{"rendered":"Mulcer \u2013 toc\u0103tor de resturi vegetale \u2013 Seppi SMWA rev cf"},"content":{"rendered":"<p>SMWA rev cf &#8211; VERSIUNE STANDARD<\/p>\n<p>Vitez\u0103 de lucru 3-10 km\/h<br \/>\nAta\u0219ament ISO \u00een 3 puncte de categoria 1 \u0219i 2; centrat, reversibil;<br \/>\n\u0218asiu fabricat din o\u021bel de \u00eenalt\u0103 rezisten\u021b\u0103 S420<br \/>\nDeplasare lateral\u0103 manual\u0103 cu 17 cm [6,7&#8243;]<br \/>\nCutie de viteze de 540 rpm cu roat\u0103 liber\u0103 \u0219i arbore de trecere<br \/>\nArbore de intrare 1 3\/8&#8243; Z=6<br \/>\nCurele: \u2264 155: 3, \u2265 175: 4<br \/>\nCilindru de sprijin \u00eent\u0103rit, reglabil pe \u00een\u0103l\u021bime cu 5 cm [2&#8243;]<br \/>\nCapot\u0103 spate reglabil\u0103 cu protec\u021bie din cauciuc<br \/>\nProtec\u021bie frontal\u0103: clapete metalice<br \/>\nCulori: ro\u0219u RAL3020 \u0219i c\u0103rbune RAL7021<\/p>\n<p>OP\u021aIUNI<\/p>\n<p>Arbore de ac\u021bionare a prizei de for\u021b\u0103<br \/>\nRotor cu cu\u021bite \u00een Y<br \/>\nCutie de viteze de 1000 rpm sau 750 rpm<br \/>\nCutie de viteze cu invertor automat \u0219i roat\u0103 liber\u0103 dubl\u0103<br \/>\nAta\u0219ament frontal<br \/>\nProtec\u021bie frontal\u0103 cu lan\u021b<br \/>\n\u0218i alte op\u021biuni la alegere.<br \/>\nEchipament sub copertin\u0103:<br \/>\nCuplaj simplu sau dublu X-FAST pentru echipamente sub copertin\u0103<br \/>\nXSC &#8211; outrigger, cositoare rotativ\u0103<br \/>\nXSA &#8211; cultivator<br \/>\nXSP &#8211; \u00eendep\u0103rtarea l\u0103starilor<br \/>\nXAN &#8211; m\u0103tur\u0103toare<br \/>\nXID &#8211; sistem de pulverizare a erbicidelor<\/p>\n<p>&nbsp;<\/p>\n<p><!--StartFragment-->&nbsp;<\/p>\n<p><!--StartFragment--><\/p>\n<p><!--StartFragment-->Imaginile au caracter orientativ!<\/p>\n<p>&nbsp;<\/p>\n<p>Pre\u021burile nu includ TVA!<\/p>\n<p><!--EndFragment--><\/p>\n","protected":false},"excerpt":{"rendered":"<p>Mulcer \u2013 toc\u0103tor de resturi vegetale \u2013 Seppi SMWA rev cf<\/p>\n","protected":false},"featured_media":2531,"comment_status":"open","ping_status":"closed","template":"","meta":{"_acf_changed":false,"_exactmetrics_skip_tracking":false,"_exactmetrics_sitenote_active":false,"_exactmetrics_sitenote_note":"","_exactmetrics_sitenote_category":0,"_monsterinsights_skip_tracking":false,"_monsterinsights_sitenote_active":false,"_monsterinsights_sitenote_note":"","_monsterinsights_sitenote_category":0,"neve_meta_sidebar":"","neve_meta_container":"","neve_meta_enable_content_width":"off","neve_meta_content_width":100,"neve_meta_title_alignment":"","neve_meta_author_avatar":"","neve_post_elements_order":"","neve_meta_disable_header":"","neve_meta_disable_footer":"","neve_meta_disable_title":"","jetpack_post_was_ever_published":false,"jetpack_publicize_message":"","jetpack_publicize_feature_enabled":true,"jetpack_social_post_already_shared":true,"jetpack_social_options":{"image_generator_settings":{"template":"highway","default_image_id":0,"font":"","enabled":false},"version":2}},"product_cat":[1022,996,1028,997,27,1061,1041,101,1027,1066,1030,1005],"product_tag":[314,311,116,332,41,210,312,826,827],"class_list":{"0":"post-2529","1":"product","2":"type-product","3":"status-publish","4":"has-post-thumbnail","6":"product_brand-bolzano-italia","7":"product_cat-curatenie","8":"product_cat-gospodarie-gradinarit","9":"product_cat-lucrari-comunale-municipale","10":"product_cat-lucrari-de-peisagistica","11":"product_cat-masini-si-utilaje","12":"product_cat-recuperare-terenuri-post-exploatare","13":"product_cat-silvicultura-si-exploatari-forestiere","14":"product_cat-tocatoare-de-crengi-gospodarie-gradinarit","15":"product_cat-tocatoare-de-crengi","16":"product_cat-tocatoare-de-crengi-recuperare-terenuri-post-exploatare","17":"product_cat-tocatoare-de-crengi-lucrari-comunale-municipale","18":"product_cat-tocatoare-de-crengi-diam-4-40-cm","19":"product_tag-curatat-teren","20":"product_tag-freza-de-cioate","21":"product_tag-masini","22":"product_tag-mulcer","23":"product_tag-peisagistica","24":"product_tag-profesional","25":"product_tag-seppi","26":"product_tag-seppim","27":"product_tag-utilaje-purtate","29":"first","30":"onbackorder","31":"taxable","32":"shipping-taxable","33":"product-type-simple"},"acf":[],"aioseo_notices":[],"jetpack_publicize_connections":[],"jetpack-related-posts":[],"jetpack_likes_enabled":true,"jetpack_sharing_enabled":true,"_links":{"self":[{"href":"https:\/\/tehronmachines.ro\/pro\/wp-json\/wp\/v2\/product\/2529","targetHints":{"allow":["GET"]}}],"collection":[{"href":"https:\/\/tehronmachines.ro\/pro\/wp-json\/wp\/v2\/product"}],"about":[{"href":"https:\/\/tehronmachines.ro\/pro\/wp-json\/wp\/v2\/types\/product"}],"replies":[{"embeddable":true,"href":"https:\/\/tehronmachines.ro\/pro\/wp-json\/wp\/v2\/comments?post=2529"}],"wp:featuredmedia":[{"embeddable":true,"href":"https:\/\/tehronmachines.ro\/pro\/wp-json\/wp\/v2\/media\/2531"}],"wp:attachment":[{"href":"https:\/\/tehronmachines.ro\/pro\/wp-json\/wp\/v2\/media?parent=2529"}],"wp:term":[{"taxonomy":"product_cat","embeddable":true,"href":"https:\/\/tehronmachines.ro\/pro\/wp-json\/wp\/v2\/product_cat?post=2529"},{"taxonomy":"product_tag","embeddable":true,"href":"https:\/\/tehronmachines.ro\/pro\/wp-json\/wp\/v2\/product_tag?post=2529"}],"curies":[{"name":"wp","href":"https:\/\/api.w.org\/{rel}","templated":true}]}}