{"id":2476,"date":"2023-10-06T01:09:20","date_gmt":"2023-10-05T22:09:20","guid":{"rendered":"https:\/\/tehronmachines.ro\/pro\/?post_type=product&#038;p=2476"},"modified":"2024-11-30T14:37:56","modified_gmt":"2024-11-30T11:37:56","slug":"mulcer-tocator-de-resturi-vegetale-seppi-h-smo-b","status":"publish","type":"product","link":"https:\/\/tehronmachines.ro\/pro\/produs\/mulcer-tocator-de-resturi-vegetale-seppi-h-smo-b\/","title":{"rendered":"Mulcer &#8211; toc\u0103tor de resturi vegetale &#8211; Seppi H-SMO-B"},"content":{"rendered":"<p>Modelul H-SMO-B este un mulcer SEPPI puternic \u0219i versatil pentru cosirea \u0219i \u00eentre\u021binerea terenurilor virane \u0219i a zonelor greu accesibile. Acest accesoriu hidraulic este o motocositoare puternic\u0103 \u0219i universal\u0103 care poate fi montat\u0103 pe excavatoare pe pneuri sau pe \u0219enile pentru \u00eentre\u021binerea<\/p>\n<p>zonelor cu vegeta\u021bie abundent\u0103 \u0219i a pantelor, cur\u0103\u021barea terenurilor, gestionarea drepturilor de trecere \u0219i \u00eentre\u021binerea spa\u021biilor verzi.<\/p>\n<p>Capul de mulcire SEPPI H-SMO-B este preg\u0103tit pentru o plac\u0103 de interfa\u021b\u0103 individual\u0103 pentru excavatoare de diferite m\u0103rci. Capota din spate permite reglarea gradului de mulcire. Cu ajutorul rolei de sus\u021binere puternice este posibil\u0103 adaptarea la contururile terenului \u0219i reglarea \u00een\u0103l\u021bimii de t\u0103iere. Adaptorul mecanic al flotorului urm\u0103re\u0219te contururile terenului.<\/p>\n<p>L\u0103\u021bime de lucru disponibil\u0103: 125, 150, 200 [49&#8243;, 59&#8243;, 79&#8243;].<\/p>\n<h3><span style=\"color: #ff0000\">H-SMO-B VERSIUNE STANDARD<\/span><\/h3>\n<p>Cap de mulcire potrivit pentru excavatoare de la 5 la 13 tone<br \/>\nMulce\u0219te iarba \u0219i tufi\u0219urile p\u00e2n\u0103 la 7 cm [3&#8243;] \u00d8<br \/>\nRotor elicoidal cu fulgii SMO<br \/>\nInterfa\u021b\u0103 universal\u0103 de ata\u0219are<br \/>\n\u0218asiu fabricat din o\u021bel de \u00eenalt\u0103 rezisten\u021b\u0103 S420<br \/>\nPredispuse pentru transmisie cu motor hidraulic la alegere<br \/>\nDebit de ulei recomandat: 40-140 l\/min [10,6 &#8211; 37 gpm].<br \/>\nCapot\u0103 spate reglabil\u0103 mecanic<br \/>\nProtec\u021bie frontal\u0103 cu lan\u021buri<br \/>\nProtec\u021bie spate: clapet\u0103 de siguran\u021b\u0103 din cauciuc<br \/>\nCilindru de sprijin \u00eent\u0103rit, reglabil pe \u00een\u0103l\u021bime cu 5 cm [2&#8243;]<br \/>\nCulori: ro\u0219u RAL3020 &amp; c\u0103rbune RAL7021<\/p>\n<h3>\n<span style=\"color: #ff0000\">OP\u021aIUNI<\/span><\/h3>\n<p>Rotor cu fulgii Y DUO<br \/>\nMotor cu cilindree variabil\u0103 cu supap\u0103 de siguran\u021b\u0103, diferite tipuri la alegere<br \/>\nAccesoriu &#8211; plac\u0103 de interfa\u021b\u0103 pentru excavatoare de diferite m\u0103rci<br \/>\nAdaptor mecanic pentru flotor<br \/>\nPlac\u0103 de interfa\u021b\u0103 cu rota\u021bie de 190\u00b0.<\/p>\n<p>&nbsp;<\/p>\n<p>Imaginile au caracter orientativ!<\/p>\n<p>&nbsp;<\/p>\n<p>Pre\u021burile nu includ TVA!<\/p>\n","protected":false},"excerpt":{"rendered":"<p>Mulcer &#8211; toc\u0103tor de resturi vegetale &#8211; Seppi H-SMO-B<\/p>\n","protected":false},"featured_media":2477,"comment_status":"open","ping_status":"closed","template":"","meta":{"_acf_changed":false,"_exactmetrics_skip_tracking":false,"_exactmetrics_sitenote_active":false,"_exactmetrics_sitenote_note":"","_exactmetrics_sitenote_category":0,"_monsterinsights_skip_tracking":false,"_monsterinsights_sitenote_active":false,"_monsterinsights_sitenote_note":"","_monsterinsights_sitenote_category":0,"neve_meta_sidebar":"","neve_meta_container":"","neve_meta_enable_content_width":"off","neve_meta_content_width":100,"neve_meta_title_alignment":"","neve_meta_author_avatar":"","neve_post_elements_order":"","neve_meta_disable_header":"","neve_meta_disable_footer":"","neve_meta_disable_title":"","jetpack_post_was_ever_published":false,"jetpack_publicize_message":"","jetpack_publicize_feature_enabled":true,"jetpack_social_post_already_shared":true,"jetpack_social_options":{"image_generator_settings":{"template":"highway","default_image_id":0,"font":"","enabled":false},"version":2}},"product_cat":[1022,996,1028,997,27,1061,1041,1030,1005,101,1027,1066],"product_tag":[314,311,116,332,41,210,312,826,827],"class_list":{"0":"post-2476","1":"product","2":"type-product","3":"status-publish","4":"has-post-thumbnail","6":"product_brand-bolzano-italia","7":"product_cat-curatenie","8":"product_cat-gospodarie-gradinarit","9":"product_cat-lucrari-comunale-municipale","10":"product_cat-lucrari-de-peisagistica","11":"product_cat-masini-si-utilaje","12":"product_cat-recuperare-terenuri-post-exploatare","13":"product_cat-silvicultura-si-exploatari-forestiere","14":"product_cat-tocatoare-de-crengi-lucrari-comunale-municipale","15":"product_cat-tocatoare-de-crengi-diam-4-40-cm","16":"product_cat-tocatoare-de-crengi-gospodarie-gradinarit","17":"product_cat-tocatoare-de-crengi","18":"product_cat-tocatoare-de-crengi-recuperare-terenuri-post-exploatare","19":"product_tag-curatat-teren","20":"product_tag-freza-de-cioate","21":"product_tag-masini","22":"product_tag-mulcer","23":"product_tag-peisagistica","24":"product_tag-profesional","25":"product_tag-seppi","26":"product_tag-seppim","27":"product_tag-utilaje-purtate","29":"first","30":"onbackorder","31":"taxable","32":"shipping-taxable","33":"product-type-simple"},"acf":[],"aioseo_notices":[],"jetpack_publicize_connections":[],"jetpack-related-posts":[],"jetpack_likes_enabled":true,"jetpack_sharing_enabled":true,"_links":{"self":[{"href":"https:\/\/tehronmachines.ro\/pro\/wp-json\/wp\/v2\/product\/2476","targetHints":{"allow":["GET"]}}],"collection":[{"href":"https:\/\/tehronmachines.ro\/pro\/wp-json\/wp\/v2\/product"}],"about":[{"href":"https:\/\/tehronmachines.ro\/pro\/wp-json\/wp\/v2\/types\/product"}],"replies":[{"embeddable":true,"href":"https:\/\/tehronmachines.ro\/pro\/wp-json\/wp\/v2\/comments?post=2476"}],"wp:featuredmedia":[{"embeddable":true,"href":"https:\/\/tehronmachines.ro\/pro\/wp-json\/wp\/v2\/media\/2477"}],"wp:attachment":[{"href":"https:\/\/tehronmachines.ro\/pro\/wp-json\/wp\/v2\/media?parent=2476"}],"wp:term":[{"taxonomy":"product_cat","embeddable":true,"href":"https:\/\/tehronmachines.ro\/pro\/wp-json\/wp\/v2\/product_cat?post=2476"},{"taxonomy":"product_tag","embeddable":true,"href":"https:\/\/tehronmachines.ro\/pro\/wp-json\/wp\/v2\/product_tag?post=2476"}],"curies":[{"name":"wp","href":"https:\/\/api.w.org\/{rel}","templated":true}]}}