{"id":2466,"date":"2023-10-06T00:53:08","date_gmt":"2023-10-05T21:53:08","guid":{"rendered":"https:\/\/tehronmachines.ro\/pro\/?post_type=product&#038;p=2466"},"modified":"2024-11-30T14:39:49","modified_gmt":"2024-11-30T11:39:49","slug":"mulcer-tocator-de-resturi-vegetale-seppi-superforst-hyd","status":"publish","type":"product","link":"https:\/\/tehronmachines.ro\/pro\/produs\/mulcer-tocator-de-resturi-vegetale-seppi-superforst-hyd\/","title":{"rendered":"Mulcer &#8211; toc\u0103tor de resturi vegetale &#8211; Seppi SUPERFORST hyd"},"content":{"rendered":"<p>SUPERFORST hyd este cel mai performant dintre toc\u0103toarele forestiere SEPPI pentru utilaje hidraulice \u0219i ma\u0219ini cu motor principal.<\/p>\n<p>SEPPI SUPERFORST hyd este ideal pentru \u00eentre\u021binerea foarte profesional\u0103 a gazului, conductelor \u0219i a transmisiilor de energie electric\u0103, pentru cur\u0103\u021barea terenurilor, dreptul de trecere \u0219i preg\u0103tirea \u0219antierului. Perfect, de asemenea, pentru crearea de benzi de protec\u021bie \u00eempotriva incendiilor.<\/p>\n<p>Caracteristici: \u0218asiu fabricat din o\u021bel rezistent la uzur\u0103 S420. Echipat cu un sistem hidraulic cu 2 motoare hidraulice M-BOOST pentru presiune \u0219i debit de ulei ridicat. Rotor patentat cu ciocane MINI DUO cu v\u00e2rfuri din carbur\u0103 de tungsten eficiente \u0219i u\u0219or interschimbabile. Expunerea mare a rotorului fa\u021b\u0103 de copaci favorizeaz\u0103 un mulcire rapid\u0103. SEPPI SUPERFORST hyd este disponibil cu diferite tipuri de cadre de protec\u021bie pentru opera\u021biunile de t\u0103iere \u0219i pentru a proteja tractorul.<\/p>\n<p>L\u0103\u021bime de lucru disponibil\u0103: 250 cm [98&#8243;]<\/p>\n<h3><span style=\"color: #ff0000\">APLICA\u021aII:<\/span><\/h3>\n<p>Cur\u0103\u021barea terenurilor \u00een industria petrolului \u0219i a gazelor naturale<br \/>\n\u00centre\u021binerea liniilor electrice \u0219i de comunica\u021bii<br \/>\n\u00cembun\u0103t\u0103\u021birea terenurilor arabile \u0219i a altor terenuri<br \/>\nGestionarea vegeta\u021biei<br \/>\nCur\u0103\u021barea p\u0103durilor dup\u0103 recoltarea lemnului<br \/>\nDefri\u0219area drepturilor de trecere<\/p>\n<h3>\n<span style=\"color: #ff0000\">SUPERFORST hyd &#8211; VERSIUNEA STANDARD<\/span><\/h3>\n<p>Mulcimeaz\u0103 lemnul p\u00e2n\u0103 la 50 cm [20&#8243;] \u00d8<br \/>\nRotor cu cioc\u0103nele cu inser\u021bii de CARBON de tungsten MINI DUO<br \/>\nSuport de ciocan anti-uzur\u0103<br \/>\nArborele rotorului cu \u0219uruburi<br \/>\nVitez\u0103 de lucru 0-5 km\/h<br \/>\nInterfa\u021b\u0103 universal\u0103 de ata\u0219are<br \/>\n\u0218asiu fabricat din o\u021bel de \u00eenalt\u0103 rezisten\u021b\u0103 S420<br \/>\nTransmisie cu curea lateral\u0103 dubl\u0103<br \/>\nPreg\u0103tit\u0103 pentru transmisie cu 2 motoare hidraulice la alegere<br \/>\nDebit de ulei min-max: 290-720 l\/min.<br \/>\nCapot\u0103 cu ac\u021bionare hidraulic\u0103<br \/>\nPatine de sus\u021binere, reglabile \u00een \u00een\u0103l\u021bime<br \/>\nProtec\u021bie frontal\u0103 \u0219i posterioar\u0103 cu lan\u021buri<br \/>\nCulori: ro\u0219u RAL3020 \u0219i c\u0103rbune RAL7021<\/p>\n<h3>\n<span style=\"color: #ff0000\">OP\u021aIUNI<\/span><\/h3>\n<p>Rotor cu ciocan fix MONO TIP V-LOCK<br \/>\nCadru de protec\u021bie mecanic \/ hidraulic<br \/>\nBloc hidraulic cu supap\u0103 de suprapresiune \u0219i furtunuri interne<br \/>\n2 motoare cu deplasare automat\u0103 M-BOOST<br \/>\nInterfa\u021b\u0103 de ata\u0219are la alegere pentru ma\u0219inile de for\u021b\u0103 motrice de diferite m\u0103rci<\/p>\n<p>&nbsp;<\/p>\n<p>Imaginile sunt orientative!<\/p>\n<p>&nbsp;<\/p>\n<p>Pre\u021burile nu includ TVA!<\/p>\n","protected":false},"excerpt":{"rendered":"<p>Mulcer &#8211; toc\u0103tor de resturi vegetale &#8211; Seppi SUPERFORST hyd<\/p>\n","protected":false},"featured_media":2467,"comment_status":"closed","ping_status":"closed","template":"","meta":{"_acf_changed":false,"_exactmetrics_skip_tracking":false,"_exactmetrics_sitenote_active":false,"_exactmetrics_sitenote_note":"","_exactmetrics_sitenote_category":0,"_monsterinsights_skip_tracking":false,"_monsterinsights_sitenote_active":false,"_monsterinsights_sitenote_note":"","_monsterinsights_sitenote_category":0,"neve_meta_sidebar":"","neve_meta_container":"","neve_meta_enable_content_width":"off","neve_meta_content_width":100,"neve_meta_title_alignment":"","neve_meta_author_avatar":"","neve_post_elements_order":"","neve_meta_disable_header":"","neve_meta_disable_footer":"","neve_meta_disable_title":"","jetpack_post_was_ever_published":false,"jetpack_publicize_message":"","jetpack_publicize_feature_enabled":true,"jetpack_social_post_already_shared":true,"jetpack_social_options":{"image_generator_settings":{"template":"highway","default_image_id":0,"font":"","enabled":false},"version":2}},"product_cat":[1022,996,1028,997,27,1061,1041,1027,1066,1030,1005,101],"product_tag":[314,311,116,332,41,210,312,826,827],"class_list":{"0":"post-2466","1":"product","2":"type-product","3":"status-publish","4":"has-post-thumbnail","6":"product_brand-bolzano-italia","7":"product_cat-curatenie","8":"product_cat-gospodarie-gradinarit","9":"product_cat-lucrari-comunale-municipale","10":"product_cat-lucrari-de-peisagistica","11":"product_cat-masini-si-utilaje","12":"product_cat-recuperare-terenuri-post-exploatare","13":"product_cat-silvicultura-si-exploatari-forestiere","14":"product_cat-tocatoare-de-crengi","15":"product_cat-tocatoare-de-crengi-recuperare-terenuri-post-exploatare","16":"product_cat-tocatoare-de-crengi-lucrari-comunale-municipale","17":"product_cat-tocatoare-de-crengi-diam-4-40-cm","18":"product_cat-tocatoare-de-crengi-gospodarie-gradinarit","19":"product_tag-curatat-teren","20":"product_tag-freza-de-cioate","21":"product_tag-masini","22":"product_tag-mulcer","23":"product_tag-peisagistica","24":"product_tag-profesional","25":"product_tag-seppi","26":"product_tag-seppim","27":"product_tag-utilaje-purtate","29":"first","30":"onbackorder","31":"taxable","32":"shipping-taxable","33":"product-type-simple"},"acf":[],"aioseo_notices":[],"jetpack_publicize_connections":[],"jetpack-related-posts":[],"jetpack_likes_enabled":true,"jetpack_sharing_enabled":true,"_links":{"self":[{"href":"https:\/\/tehronmachines.ro\/pro\/wp-json\/wp\/v2\/product\/2466","targetHints":{"allow":["GET"]}}],"collection":[{"href":"https:\/\/tehronmachines.ro\/pro\/wp-json\/wp\/v2\/product"}],"about":[{"href":"https:\/\/tehronmachines.ro\/pro\/wp-json\/wp\/v2\/types\/product"}],"replies":[{"embeddable":true,"href":"https:\/\/tehronmachines.ro\/pro\/wp-json\/wp\/v2\/comments?post=2466"}],"wp:featuredmedia":[{"embeddable":true,"href":"https:\/\/tehronmachines.ro\/pro\/wp-json\/wp\/v2\/media\/2467"}],"wp:attachment":[{"href":"https:\/\/tehronmachines.ro\/pro\/wp-json\/wp\/v2\/media?parent=2466"}],"wp:term":[{"taxonomy":"product_cat","embeddable":true,"href":"https:\/\/tehronmachines.ro\/pro\/wp-json\/wp\/v2\/product_cat?post=2466"},{"taxonomy":"product_tag","embeddable":true,"href":"https:\/\/tehronmachines.ro\/pro\/wp-json\/wp\/v2\/product_tag?post=2466"}],"curies":[{"name":"wp","href":"https:\/\/api.w.org\/{rel}","templated":true}]}}