{"id":2430,"date":"2023-10-03T23:34:17","date_gmt":"2023-10-03T20:34:17","guid":{"rendered":"https:\/\/tehronmachines.ro\/pro\/?post_type=product&#038;p=2430"},"modified":"2024-11-30T14:47:39","modified_gmt":"2024-11-30T11:47:39","slug":"mulcer-tocator-de-resturi-vegetale-fara-colectare-seppi-miniforst","status":"publish","type":"product","link":"https:\/\/tehronmachines.ro\/pro\/produs\/mulcer-tocator-de-resturi-vegetale-fara-colectare-seppi-miniforst\/","title":{"rendered":"Mulcer- toc\u0103tor de resturi vegetale &#8211; fara colectare Seppi MINIFORST"},"content":{"rendered":"<p>Ma\u0219ina de t\u0103iat tufi\u0219uri forestiere MINIFORST poate fi montat\u0103 pe tractoare de putere mic\u0103 \u0219i medie. Acesta m\u0103run\u021be\u0219te cu u\u0219urin\u021b\u0103 tufi\u0219uri \u0219i lemn cu diametrul de p\u00e2n\u0103 la 20 cm [7,9&#8243;]! Capota hidraulic\u0103 controleaz\u0103 gradul de mulcire. Rotor standard cu ciocan forestier fix-MINI DUO rotor cu v\u00e2rfuri din carbur\u0103 de tungsten. Suport pentru ciocan \u00eenregistrat prin brevet cu protec\u021bie lateral\u0103.<\/p>\n<p>Ideal pentru gestionarea vegeta\u021biei la scar\u0103 mic\u0103 \u0219i \u00eentre\u021binerea drepturilor de trecere.<\/p>\n<p>L\u0103\u021bime de lucru disponibil\u0103: 125, 150, 175, 200 [49&#8243;, 59&#8243;, 69&#8243;, 79&#8243;].<\/p>\n<p>&nbsp;<\/p>\n<h3><span style=\"color: #ff0000\">MINIFORST &#8211; VERSIUNE STANDARD<\/span><\/h3>\n<p>Mulce\u0219te tufi\u0219uri \u0219i lemn p\u00e2n\u0103 la 20 cm [7,9&#8243;] \u00d8<br \/>\nRotor elicoidal cu inser\u021bii din CARBUR\u0102 de tungsten.<br \/>\nciocane MINI DUO<br \/>\nSuport de ciocan anti-uzur\u0103<br \/>\nVitez\u0103 de lucru 0-5 km\/h<br \/>\nHidraulic spate \u00een 3 puncte ISO cat. 2 central fix<br \/>\nCutie de viteze de 1000 rpm cu roat\u0103 liber\u0103 \u0219i arbore trec\u0103tor<br \/>\nTransmisie prin curele cu 5 curele<br \/>\nCapot\u0103 cu ac\u021bionare hidraulic\u0103<br \/>\nProtec\u021bie fa\u021b\u0103 \u0219i spate: lan\u021buri duble<br \/>\n3 r\u00e2nduri de CONTRACUTORI tempera\u021bi<br \/>\nPatine, reglabile \u00een \u00een\u0103l\u021bime cu 2,5 cm [1&#8243;], \u00eent\u0103rite cu pl\u0103ci de metal dur<br \/>\nCulori: c\u0103rbune RAL7021| ro\u0219u RAL3020<br \/>\nLivrare cu raft de transport inclus<\/p>\n<h3><span style=\"color: #ff0000\">OP\u021aIUNI<\/span><\/h3>\n<p>Arbore de ac\u021bionare a prizei de for\u021b\u0103<br \/>\nRotor pentru ciocane fixe forestiere MINI BLADE<br \/>\nAta\u0219ament frontal<br \/>\nCutie de viteze de 540 rpm<br \/>\nCadru de protec\u021bie mecanic\u0103<\/p>\n<p>&nbsp;<\/p>\n<p>Imaginile au caracter orientativ!<\/p>\n<p>&nbsp;<\/p>\n<p>Pre\u021burile nu includ TVA!<\/p>\n","protected":false},"excerpt":{"rendered":"<p>Mulcer- toc\u0103tor de resturi vegetale &#8211; fara colectare Seppi MINIFORST<\/p>\n","protected":false},"featured_media":2431,"comment_status":"closed","ping_status":"closed","template":"","meta":{"_acf_changed":false,"_exactmetrics_skip_tracking":false,"_exactmetrics_sitenote_active":false,"_exactmetrics_sitenote_note":"","_exactmetrics_sitenote_category":0,"_monsterinsights_skip_tracking":false,"_monsterinsights_sitenote_active":false,"_monsterinsights_sitenote_note":"","_monsterinsights_sitenote_category":0,"neve_meta_sidebar":"","neve_meta_container":"","neve_meta_enable_content_width":"off","neve_meta_content_width":100,"neve_meta_title_alignment":"","neve_meta_author_avatar":"","neve_post_elements_order":"","neve_meta_disable_header":"","neve_meta_disable_footer":"","neve_meta_disable_title":"","jetpack_post_was_ever_published":false,"jetpack_publicize_message":"","jetpack_publicize_feature_enabled":true,"jetpack_social_post_already_shared":true,"jetpack_social_options":{"image_generator_settings":{"template":"highway","default_image_id":0,"font":"","enabled":false},"version":2}},"product_cat":[1022,996,1028,997,27,1061,1041,1030,1005,101,1027,1066],"product_tag":[314,311,116,332,41,210,312,826,827],"class_list":{"0":"post-2430","1":"product","2":"type-product","3":"status-publish","4":"has-post-thumbnail","6":"product_brand-bolzano-italia","7":"product_cat-curatenie","8":"product_cat-gospodarie-gradinarit","9":"product_cat-lucrari-comunale-municipale","10":"product_cat-lucrari-de-peisagistica","11":"product_cat-masini-si-utilaje","12":"product_cat-recuperare-terenuri-post-exploatare","13":"product_cat-silvicultura-si-exploatari-forestiere","14":"product_cat-tocatoare-de-crengi-lucrari-comunale-municipale","15":"product_cat-tocatoare-de-crengi-diam-4-40-cm","16":"product_cat-tocatoare-de-crengi-gospodarie-gradinarit","17":"product_cat-tocatoare-de-crengi","18":"product_cat-tocatoare-de-crengi-recuperare-terenuri-post-exploatare","19":"product_tag-curatat-teren","20":"product_tag-freza-de-cioate","21":"product_tag-masini","22":"product_tag-mulcer","23":"product_tag-peisagistica","24":"product_tag-profesional","25":"product_tag-seppi","26":"product_tag-seppim","27":"product_tag-utilaje-purtate","29":"first","30":"onbackorder","31":"taxable","32":"shipping-taxable","33":"product-type-simple"},"acf":[],"aioseo_notices":[],"jetpack_publicize_connections":[],"jetpack-related-posts":[],"jetpack_likes_enabled":true,"jetpack_sharing_enabled":true,"_links":{"self":[{"href":"https:\/\/tehronmachines.ro\/pro\/wp-json\/wp\/v2\/product\/2430","targetHints":{"allow":["GET"]}}],"collection":[{"href":"https:\/\/tehronmachines.ro\/pro\/wp-json\/wp\/v2\/product"}],"about":[{"href":"https:\/\/tehronmachines.ro\/pro\/wp-json\/wp\/v2\/types\/product"}],"replies":[{"embeddable":true,"href":"https:\/\/tehronmachines.ro\/pro\/wp-json\/wp\/v2\/comments?post=2430"}],"wp:featuredmedia":[{"embeddable":true,"href":"https:\/\/tehronmachines.ro\/pro\/wp-json\/wp\/v2\/media\/2431"}],"wp:attachment":[{"href":"https:\/\/tehronmachines.ro\/pro\/wp-json\/wp\/v2\/media?parent=2430"}],"wp:term":[{"taxonomy":"product_cat","embeddable":true,"href":"https:\/\/tehronmachines.ro\/pro\/wp-json\/wp\/v2\/product_cat?post=2430"},{"taxonomy":"product_tag","embeddable":true,"href":"https:\/\/tehronmachines.ro\/pro\/wp-json\/wp\/v2\/product_tag?post=2430"}],"curies":[{"name":"wp","href":"https:\/\/api.w.org\/{rel}","templated":true}]}}