{"id":2409,"date":"2023-10-02T23:26:37","date_gmt":"2023-10-02T20:26:37","guid":{"rendered":"https:\/\/tehronmachines.ro\/pro\/?post_type=product&#038;p=2409"},"modified":"2024-11-30T14:55:15","modified_gmt":"2024-11-30T11:55:15","slug":"mulcer-rotativ-seppi-apple-vario-fara-colectare","status":"publish","type":"product","link":"https:\/\/tehronmachines.ro\/pro\/produs\/mulcer-rotativ-seppi-apple-vario-fara-colectare\/","title":{"rendered":"Mulcer rotativ Seppi Apple vario, far\u0103 colectare"},"content":{"rendered":"<p>APPLE vario este o cositoare rotativ\u0103 SEPPI robust\u0103, cu l\u0103\u021bime de lucru variabil\u0103. Acest lucru este deosebit de util \u00een cazul \u00een care r\u00e2ndurile sunt neregulate. Dup\u0103 setarea l\u0103\u021bimii de lucru, munca \u00eentre r\u00e2nduri poate fi efectuat\u0103 dintr-o singur\u0103 treab\u0103.<br \/>\n\u00cen\u0103l\u021bimea de t\u0103iere reglabil\u0103 \u0219i lamele rotative orizontale cu form\u0103 aerodinamic\u0103 asigur\u0103 o calitate perfect\u0103 a t\u0103ierii. Lamele se suprapun pentru o t\u0103iere regulat\u0103, inclusiv \u00een timpul modific\u0103rii l\u0103\u021bimii de lucru. Iarba este evacuat\u0103 \u00een lateral, \u00een sens invers. La schimbarea l\u0103\u021bimii de lucru, ro\u021bile de sus\u021binere din cauciuc sau metal sunt reglate automat \u0219i se adapteaz\u0103 perfect la l\u0103\u021bimea ro\u021bilor tractorului. \u00cen\u0103l\u021bimea reglabil\u0103 a t\u0103ierii asigur\u0103 \u00een plus un rezultat ideal. Carcasa de la SEPPI APPLE vario este foarte rezistent\u0103, realizat\u0103 din o\u021bel de \u00eenalt\u0103 rezisten\u021b\u0103.<\/p>\n<p>Sistemul VARIOMATIC (opt) &#8211; A luat na\u0219tere op\u021biunea VARIOMATIC, care permite fermierului s\u0103 lucreze f\u0103r\u0103 a fi nevoit s\u0103 verifice continuu pozi\u021bia cositoarei. De fapt, SEPPI APPLE vario adapteaz\u0103, pe ambele p\u0103r\u021bi, l\u0103\u021bimea de t\u0103iere \u00een mod hidraulic. \u00cen cazul op\u021biunii VARIOMATIC, aceast\u0103 opera\u021biune se face \u00een mod automat, datorit\u0103 palpatoarelor de mare sensibilitate, controlate de un sistem electro-hidraulic, care asigur\u0103 o precizie maxim\u0103 de montare \u0219i viteze de lucru ridicate. VARIOMATIC const\u0103 \u00een palpatoare laterale de mare ad\u00e2ncime din material rezistent la uzur\u0103 Hardox \u0219i o unitate de control electronic foarte bine protejat\u0103. Noul sistem este modular; de fapt, poate fi montat ulterior \u0219i pe toate VARIO de ultim\u0103 genera\u021bie de la SEPPI APPLE care sunt ata\u0219ate \u00een spatele tractorului. \u00cen acest moment, VARIOMATIC nu este disponibil pentru \u00eempingere sau montare frontal\u0103 pe tractor.<\/p>\n<p>&nbsp;<\/p>\n<h3><span style=\"color: #ff0000\">APPLE vario &#8211; VERSIUNE STANDARD<\/span><\/h3>\n<p>Reteje\u0219te iarba \u0219i buruienile p\u00e2n\u0103 la 1 cm [0,4&#8243;] \u00d8<br \/>\nUnelte: lame cu rota\u021bie orizontal\u0103<br \/>\nVitez\u0103 de lucru 6-9 km\/h<br \/>\n\u0218asiu fabricat din o\u021bel de \u00eenalt\u0103 rezisten\u021b\u0103 S420<br \/>\nHidraulic ISO cu 3 puncte de leg\u0103tur\u0103 cat. 1&amp;2 Trac\u021biune \u00eenainte \u0219i \u00eenapoi (\u00eempins\u0103)<br \/>\nCutie de viteze de 540 rpm f\u0103r\u0103 roat\u0103 liber\u0103<br \/>\nReglarea hidraulic\u0103 a l\u0103\u021bimii de lucru: mi\u0219care lateral\u0103 independent\u0103 a aripilor<br \/>\nIarba este desc\u0103rcat\u0103 \u00een lateral, \u00een sens invers<br \/>\nRo\u021bi de sprijin fa\u021b\u0103 din metal, reglabile<br \/>\nRole de sus\u021binere spate \u0219i r\u0103zuitoare cu role<br \/>\nProtec\u021bie fa\u021b\u0103 \u0219i spate cu lan\u021buri<br \/>\nCulori: ro\u0219u RAL3020 \u0219i c\u0103rbune RAL7021<\/p>\n<h3>\n<span style=\"color: #ff0000\">OP\u021aIUNI<\/span><\/h3>\n<p>Arbore de transmisie PTO cu roat\u0103 liber\u0103 \u0219i limitator de cuplu<br \/>\nSistem VARIOMATIC &#8211; Ap\u0103r\u0103toare lateral\u0103 cu senzor (numai pentru mulcior spate)<br \/>\nCutie de viteze 750 rpm<br \/>\nAta\u0219ament frontal<br \/>\nSchimbare lateral\u0103 hidraulic\u0103 prin intermediul leg\u0103turii (nu pentru modelul 125-160)<br \/>\nRo\u021bi de sprijin fa\u021b\u0103 din cauciuc (\u00een loc de metal)<br \/>\nRo\u021bi de sus\u021binere spate rotative din cauciuc (\u00een loc de rol\u0103 de sus\u021binere)<br \/>\nXID dublu &#8211; sistem de pulverizare a erbicidelor &#8211; duze de pulverizare pe ambele p\u0103r\u021bi<\/p>\n<p>&nbsp;<\/p>\n<p>&nbsp;<\/p>\n<p>Pre\u021burile nu includ TVA!<\/p>\n<p>&nbsp;<\/p>\n<p>Imaginile au caracter orientativ!<\/p>\n","protected":false},"excerpt":{"rendered":"<p>Mulcer rotativ Seppi Apple vario, far\u0103 colectare<\/p>\n","protected":false},"featured_media":2411,"comment_status":"closed","ping_status":"closed","template":"","meta":{"_acf_changed":false,"_exactmetrics_skip_tracking":false,"_exactmetrics_sitenote_active":false,"_exactmetrics_sitenote_note":"","_exactmetrics_sitenote_category":0,"_monsterinsights_skip_tracking":false,"_monsterinsights_sitenote_active":false,"_monsterinsights_sitenote_note":"","_monsterinsights_sitenote_category":0,"neve_meta_sidebar":"","neve_meta_container":"","neve_meta_enable_content_width":"off","neve_meta_content_width":100,"neve_meta_title_alignment":"","neve_meta_author_avatar":"","neve_post_elements_order":"","neve_meta_disable_header":"","neve_meta_disable_footer":"","neve_meta_disable_title":"","jetpack_publicize_message":"","jetpack_publicize_feature_enabled":true,"jetpack_social_post_already_shared":true,"jetpack_social_options":{"image_generator_settings":{"template":"highway","default_image_id":0,"font":"","enabled":false},"version":2}},"product_cat":[1022,996,1028,997,27,1061,1041,1005,101,1027,1066,1030],"product_tag":[314,311,116,332,41,210,312,826,294],"class_list":{"0":"post-2409","1":"product","2":"type-product","3":"status-publish","4":"has-post-thumbnail","6":"product_brand-bolzano-italia","7":"product_cat-curatenie","8":"product_cat-gospodarie-gradinarit","9":"product_cat-lucrari-comunale-municipale","10":"product_cat-lucrari-de-peisagistica","11":"product_cat-masini-si-utilaje","12":"product_cat-recuperare-terenuri-post-exploatare","13":"product_cat-silvicultura-si-exploatari-forestiere","14":"product_cat-tocatoare-de-crengi-diam-4-40-cm","15":"product_cat-tocatoare-de-crengi-gospodarie-gradinarit","16":"product_cat-tocatoare-de-crengi","17":"product_cat-tocatoare-de-crengi-recuperare-terenuri-post-exploatare","18":"product_cat-tocatoare-de-crengi-lucrari-comunale-municipale","19":"product_tag-curatat-teren","20":"product_tag-freza-de-cioate","21":"product_tag-masini","22":"product_tag-mulcer","23":"product_tag-peisagistica","24":"product_tag-profesional","25":"product_tag-seppi","26":"product_tag-seppim","27":"product_tag-utilaje-purtate-pto","29":"first","30":"onbackorder","31":"taxable","32":"shipping-taxable","33":"product-type-simple"},"acf":[],"aioseo_notices":[],"jetpack_publicize_connections":[],"jetpack-related-posts":[],"jetpack_likes_enabled":true,"jetpack_sharing_enabled":true,"_links":{"self":[{"href":"https:\/\/tehronmachines.ro\/pro\/wp-json\/wp\/v2\/product\/2409","targetHints":{"allow":["GET"]}}],"collection":[{"href":"https:\/\/tehronmachines.ro\/pro\/wp-json\/wp\/v2\/product"}],"about":[{"href":"https:\/\/tehronmachines.ro\/pro\/wp-json\/wp\/v2\/types\/product"}],"replies":[{"embeddable":true,"href":"https:\/\/tehronmachines.ro\/pro\/wp-json\/wp\/v2\/comments?post=2409"}],"wp:featuredmedia":[{"embeddable":true,"href":"https:\/\/tehronmachines.ro\/pro\/wp-json\/wp\/v2\/media\/2411"}],"wp:attachment":[{"href":"https:\/\/tehronmachines.ro\/pro\/wp-json\/wp\/v2\/media?parent=2409"}],"wp:term":[{"taxonomy":"product_cat","embeddable":true,"href":"https:\/\/tehronmachines.ro\/pro\/wp-json\/wp\/v2\/product_cat?post=2409"},{"taxonomy":"product_tag","embeddable":true,"href":"https:\/\/tehronmachines.ro\/pro\/wp-json\/wp\/v2\/product_tag?post=2409"}],"curies":[{"name":"wp","href":"https:\/\/api.w.org\/{rel}","templated":true}]}}