{"id":2267,"date":"2023-09-18T12:26:07","date_gmt":"2023-09-18T09:26:07","guid":{"rendered":"https:\/\/tehronmachines.ro\/pro\/?post_type=product&#038;p=2267"},"modified":"2024-11-10T16:45:20","modified_gmt":"2024-11-10T13:45:20","slug":"mulcer-hidarulic-cu-brat-articulat-marolin-m400-arc-st","status":"publish","type":"product","link":"https:\/\/tehronmachines.ro\/pro\/produs\/mulcer-hidarulic-cu-brat-articulat-marolin-m400-arc-st\/","title":{"rendered":"Cositoare hidraulic\u0103 cu bra\u021b articulat Marolin M400 ARC ST"},"content":{"rendered":"<p>S &#8211; Kit pomp\u0103 magnum<br \/>\nT &#8211; Bra\u021b telescopic<br \/>\nM &#8211; Bra\u021b modular<\/p>\n<p>Gama din spate pentru antreprenorii care trebuie s\u0103 se ca\u021bere peste garduri vii, podgorii \u0219i sisteme de iriga\u021bii. Seria ARC este potrivit\u0103 pentru t\u0103ierea ierbii, arbu\u0219tilor \u0219i a crengilor (p\u00e2n\u0103 la \u00d8 3 cm.). Pentru tractoare de la 80 CP.<\/p>\n<p>&nbsp;<\/p>\n<h2><span style=\"color: #ffcc00\">Compara\u021bie produse:<\/span><\/h2>\n<table width=\"922\">\n<tbody>\n<tr>\n<td width=\"218\">Model<\/td>\n<td width=\"99\">M380 ARC S<\/td>\n<td width=\"108\">M380 ARC STM<\/td>\n<td width=\"114\">M400 ARC ST<\/td>\n<td width=\"114\">M430 ARC STX<\/td>\n<td width=\"138\">M600 ARC STX<\/td>\n<td width=\"131\">M530 T2PS<\/td>\n<\/tr>\n<tr>\n<td><\/td>\n<td><\/td>\n<td><\/td>\n<td><\/td>\n<td><\/td>\n<td><\/td>\n<td><\/td>\n<\/tr>\n<tr>\n<td><\/td>\n<td><\/td>\n<td><\/td>\n<td><\/td>\n<td><\/td>\n<td><\/td>\n<td><\/td>\n<\/tr>\n<tr>\n<td><\/td>\n<td><\/td>\n<td><\/td>\n<td><\/td>\n<td><\/td>\n<td><\/td>\n<td><\/td>\n<\/tr>\n<tr>\n<td>Greutate<\/td>\n<td>490 kg<\/td>\n<td>590 kg<\/td>\n<td>760 kg<\/td>\n<td>880 kg<\/td>\n<td>960 kg<\/td>\n<td>850 kg<\/td>\n<\/tr>\n<tr>\n<td>Capacitate ulei<\/td>\n<td>90 L<\/td>\n<td>90 L<\/td>\n<td>125 L<\/td>\n<td>125 L<\/td>\n<td>125 L<\/td>\n<td>120 L<\/td>\n<\/tr>\n<tr>\n<td>Putere necesar\u0103<\/td>\n<td>50 Cp<\/td>\n<td>60 Cp<\/td>\n<td>80 Cp<\/td>\n<td>80 Cp<\/td>\n<td>100 Cp<\/td>\n<td>70-80 Cp<\/td>\n<\/tr>\n<tr>\n<td>Masa minim\u0103 a utilajului purt\u0103tor<\/td>\n<td>1300 kg<\/td>\n<td>2000 kg<\/td>\n<td>2400 kg<\/td>\n<td>3000 kg<\/td>\n<td>3200 kg<\/td>\n<td>2200 kg<\/td>\n<\/tr>\n<tr>\n<td>L\u0103\u021bime de lucru<\/td>\n<td>80 cm<\/td>\n<td>80 cm<\/td>\n<td>100 cm<\/td>\n<td>100 cm<\/td>\n<td>100 cm<\/td>\n<td>80 cm<\/td>\n<\/tr>\n<tr>\n<td>Diametrul maxim al crengilor<\/td>\n<td>3 cm<\/td>\n<td>3 cm<\/td>\n<td>3 cm<\/td>\n<td>3 cm<\/td>\n<td>3 cm<\/td>\n<td>3 cm<\/td>\n<\/tr>\n<tr>\n<td>Putere dezvoltat\u0103<\/td>\n<td>25 Cp<\/td>\n<td>25 Cp<\/td>\n<td>40 Cp<\/td>\n<td>40 Cp<\/td>\n<td>40 Cp<\/td>\n<td>40 Cp<\/td>\n<\/tr>\n<tr>\n<td>Priza de putere<\/td>\n<td>540 Rpm<\/td>\n<td>540 Rpm<\/td>\n<td>540 Rpm<\/td>\n<td>540 Rpm<\/td>\n<td>540 Rpm<\/td>\n<td>540 Rpm<\/td>\n<\/tr>\n<tr>\n<td>Unghiul maxim de \u00eenclina\u021bie (\u25e6)<\/td>\n<td>190<\/td>\n<td>190<\/td>\n<td>190<\/td>\n<td>190<\/td>\n<td>190<\/td>\n<td>190<\/td>\n<\/tr>\n<tr>\n<td>Viteza de rota\u021bie<\/td>\n<td>2800 rot.\/min<\/td>\n<td>2800 rot.\/min<\/td>\n<td>3000 rot.\/min<\/td>\n<td>2800 rot.\/min<\/td>\n<td>3000 rot.\/min<\/td>\n<td>2800 rot.\/min<\/td>\n<\/tr>\n<\/tbody>\n<\/table>\n<p>&nbsp;<\/p>\n<h2><span style=\"color: #ffcc00\">Dimensiuni:<\/span><\/h2>\n<p><img data-recalc-dims=\"1\" loading=\"lazy\" decoding=\"async\" width=\"1200\" height=\"527\" class=\"alignnone wp-image-2268 size-full\" src=\"https:\/\/i0.wp.com\/tehronmachines.ro\/pro\/wp-content\/uploads\/2023\/09\/Pasted-102.png?resize=1200%2C527&#038;ssl=1\" srcset=\"https:\/\/i0.wp.com\/tehronmachines.ro\/pro\/wp-content\/uploads\/2023\/09\/Pasted-102.png?w=1390&amp;ssl=1 1390w, https:\/\/i0.wp.com\/tehronmachines.ro\/pro\/wp-content\/uploads\/2023\/09\/Pasted-102.png?resize=300%2C132&amp;ssl=1 300w, https:\/\/i0.wp.com\/tehronmachines.ro\/pro\/wp-content\/uploads\/2023\/09\/Pasted-102.png?resize=1024%2C449&amp;ssl=1 1024w, https:\/\/i0.wp.com\/tehronmachines.ro\/pro\/wp-content\/uploads\/2023\/09\/Pasted-102.png?resize=768%2C337&amp;ssl=1 768w, https:\/\/i0.wp.com\/tehronmachines.ro\/pro\/wp-content\/uploads\/2023\/09\/Pasted-102.png?resize=600%2C263&amp;ssl=1 600w\" sizes=\"auto, (max-width: 1200px) 100vw, 1200px\" \/><\/p>\n<p>&nbsp;<\/p>\n<div class=\"epyt-video-wrapper\"><iframe loading=\"lazy\"  style=\"display: block; margin: 0px auto;\"  id=\"_ytid_72845\"  width=\"400\" height=\"300\"  data-origwidth=\"400\" data-origheight=\"300\"  data-relstop=\"1\" src=\"https:\/\/www.youtube.com\/embed\/1yiSmvjOjzY?enablejsapi=1&autoplay=0&cc_load_policy=1&cc_lang_pref=&iv_load_policy=3&loop=0&rel=0&fs=1&playsinline=0&autohide=2&theme=dark&color=red&controls=1&disablekb=0&\" class=\"__youtube_prefs__  no-lazyload\" title=\"YouTube player\"  allow=\"fullscreen; accelerometer; autoplay; clipboard-write; encrypted-media; gyroscope; picture-in-picture; web-share\" referrerpolicy=\"strict-origin-when-cross-origin\" allowfullscreen data-no-lazy=\"1\" data-skipgform_ajax_framebjll=\"\"><\/iframe><\/div>\n<p>&nbsp;<\/p>\n<h3 style=\"text-align: center\">Prezentare func\u021bionare Marolin Mantis<\/h3>\n<p>&nbsp;<\/p>\n<p>Imaginile au caracter orientativ!<\/p>\n<p>&nbsp;<\/p>\n<p>Pre\u021burile nu includ TVA!<\/p>\n<p>&nbsp;<\/p>\n","protected":false},"excerpt":{"rendered":"<ul>\n<li>L\u0103\u021bime de lucru: 100 cm<\/li>\n<li>Diametrul maxim al crengilor: 3 cm<\/li>\n<li>Putere necesar\u0103: 80 Cp<\/li>\n<li>Masa utilajului purt\u0103tor: min.\u00a0 2400 kg<\/li>\n<li>Mas\u0103: 760 kg<\/li>\n<\/ul>\n","protected":false},"featured_media":2269,"comment_status":"open","ping_status":"closed","template":"","meta":{"_acf_changed":false,"_exactmetrics_skip_tracking":false,"_exactmetrics_sitenote_active":false,"_exactmetrics_sitenote_note":"","_exactmetrics_sitenote_category":0,"_monsterinsights_skip_tracking":false,"_monsterinsights_sitenote_active":false,"_monsterinsights_sitenote_note":"","_monsterinsights_sitenote_category":0,"neve_meta_sidebar":"","neve_meta_container":"","neve_meta_enable_content_width":"off","neve_meta_content_width":100,"neve_meta_title_alignment":"","neve_meta_author_avatar":"","neve_post_elements_order":"","neve_meta_disable_header":"","neve_meta_disable_footer":"","neve_meta_disable_title":"","jetpack_post_was_ever_published":false,"jetpack_publicize_message":"","jetpack_publicize_feature_enabled":true,"jetpack_social_post_already_shared":true,"jetpack_social_options":{"image_generator_settings":{"template":"highway","default_image_id":0,"font":"","enabled":false},"version":2}},"product_cat":[1028,27,1034],"product_tag":[822,820,763,289,290,821,332,809,288,280,210,335,808,811],"class_list":{"0":"post-2267","1":"product","2":"type-product","3":"status-publish","4":"has-post-thumbnail","6":"product_brand-marolin-italia-mulcere-hidraulice-cu-brat-articulat","7":"product_cat-lucrari-comunale-municipale","8":"product_cat-masini-si-utilaje","9":"product_cat-mulcere-pe-brat","10":"product_tag-brat-articulat","11":"product_tag-crengi","12":"product_tag-freza","13":"product_tag-lucrari-comunale","14":"product_tag-lucrari-municipale","15":"product_tag-marolin","16":"product_tag-mulcer","17":"product_tag-nou","18":"product_tag-padure","19":"product_tag-parcuri","20":"product_tag-profesional","21":"product_tag-pto","22":"product_tag-utilaj-profesional","23":"product_tag-utilaj-purtat","25":"first","26":"onbackorder","27":"taxable","28":"shipping-taxable","29":"product-type-simple"},"acf":[],"aioseo_notices":[],"jetpack_publicize_connections":[],"jetpack-related-posts":[],"jetpack_likes_enabled":true,"jetpack_sharing_enabled":true,"_links":{"self":[{"href":"https:\/\/tehronmachines.ro\/pro\/wp-json\/wp\/v2\/product\/2267","targetHints":{"allow":["GET"]}}],"collection":[{"href":"https:\/\/tehronmachines.ro\/pro\/wp-json\/wp\/v2\/product"}],"about":[{"href":"https:\/\/tehronmachines.ro\/pro\/wp-json\/wp\/v2\/types\/product"}],"replies":[{"embeddable":true,"href":"https:\/\/tehronmachines.ro\/pro\/wp-json\/wp\/v2\/comments?post=2267"}],"wp:featuredmedia":[{"embeddable":true,"href":"https:\/\/tehronmachines.ro\/pro\/wp-json\/wp\/v2\/media\/2269"}],"wp:attachment":[{"href":"https:\/\/tehronmachines.ro\/pro\/wp-json\/wp\/v2\/media?parent=2267"}],"wp:term":[{"taxonomy":"product_cat","embeddable":true,"href":"https:\/\/tehronmachines.ro\/pro\/wp-json\/wp\/v2\/product_cat?post=2267"},{"taxonomy":"product_tag","embeddable":true,"href":"https:\/\/tehronmachines.ro\/pro\/wp-json\/wp\/v2\/product_tag?post=2267"}],"curies":[{"name":"wp","href":"https:\/\/api.w.org\/{rel}","templated":true}]}}