{"id":1841,"date":"2023-08-18T14:56:06","date_gmt":"2023-08-18T11:56:06","guid":{"rendered":"https:\/\/tehronmachines.ro\/pro\/?post_type=product&#038;p=1841"},"modified":"2024-10-16T11:06:01","modified_gmt":"2024-10-16T08:06:01","slug":"carucior-manual-holmac-gyro-kart-310-pentru-lucrul-in-pepiniere","status":"publish","type":"product","link":"https:\/\/tehronmachines.ro\/pro\/produs\/carucior-manual-holmac-gyro-kart-310-pentru-lucrul-in-pepiniere\/","title":{"rendered":"C\u0103rucior manual &#8211; HOLMAC Gyro Kart 310 &#8211; pentru lucrul \u00een pepiniere"},"content":{"rendered":"<p>Acest c\u0103rucior manual, pentru manipularea plantelor \u00een ghivece, a fost conceput pentru o mai mare fiabilitate \u0219i durabilitate. Are un cadru mai puternic dec\u00e2t standardul industrial \u0219i este echipat cu componente de calitate superioar\u0103, ca anvelope armate, montate pe ro\u021bi care se rotesc pe rulmen\u021bi cu bile.Elementul care caracterizeaz\u0103 cel mai mult Gyro Kart este sistemul brevetat de blocare automat\u0103 care permite s\u0103 prinda aproape toate ghivecele de pe pia\u021b\u0103. C\u0103ruciorul a fost dezvoltat cu scopul de a avea un echilibru optim, \u00een timpul transportului pe orice tip de suprafa\u021b\u0103.<\/p>\n<p>&nbsp;<\/p>\n<p>&nbsp;<\/p>\n<h2><span style=\"color: #ffcc00\">Specifica\u021bii:<\/span><\/h2>\n<table width=\"355\">\n<tbody>\n<tr>\n<td width=\"210\">Greutate<\/td>\n<td width=\"145\">24 kg<\/td>\n<\/tr>\n<tr>\n<td>\u00cen\u0103l\u021bime<\/td>\n<td>50 cm<\/td>\n<\/tr>\n<tr>\n<td>Ro\u021bi<\/td>\n<td>Ro\u021bi ranforsate pe rulmen\u021bi<\/td>\n<\/tr>\n<tr>\n<td>M\u00e2ner<\/td>\n<td>Bra\u021b telescopic<\/td>\n<\/tr>\n<\/tbody>\n<\/table>\n<p>&nbsp;<\/p>\n<p>&nbsp;<\/p>\n<p>Imaginile sunt orientative!<\/p>\n<p>&nbsp;<\/p>\n<p>Pre\u021burile nu includ TVA!<\/p>\n<p>&nbsp;<\/p>\n<p>&nbsp;<\/p>\n","protected":false},"excerpt":{"rendered":"<p>Greutate: 24 kg<\/p>\n<p>Ro\u021bi ranforsate pe rulmen\u021bi<\/p>\n<p>Bra\u021b telescopic<\/p>\n<p>\u00cen\u0103l\u021bime: 50\u00a0 cm<\/p>\n","protected":false},"featured_media":1842,"comment_status":"closed","ping_status":"closed","template":"","meta":{"_acf_changed":false,"_exactmetrics_skip_tracking":false,"_exactmetrics_sitenote_active":false,"_exactmetrics_sitenote_note":"","_exactmetrics_sitenote_category":0,"_monsterinsights_skip_tracking":false,"_monsterinsights_sitenote_active":false,"_monsterinsights_sitenote_note":"","_monsterinsights_sitenote_category":0,"neve_meta_sidebar":"","neve_meta_container":"","neve_meta_enable_content_width":"off","neve_meta_content_width":100,"neve_meta_title_alignment":"","neve_meta_author_avatar":"","neve_post_elements_order":"","neve_meta_disable_header":"","neve_meta_disable_footer":"","neve_meta_disable_title":"","jetpack_post_was_ever_published":false,"jetpack_publicize_message":"","jetpack_publicize_feature_enabled":true,"jetpack_social_post_already_shared":true,"jetpack_social_options":{"image_generator_settings":{"template":"highway","default_image_id":0,"font":"","enabled":false},"version":2}},"product_cat":[1054,27,1042,1041],"product_tag":[42,751,283,289,290,755,280,41,287,754,211],"class_list":{"0":"post-1841","1":"product","2":"type-product","3":"status-publish","4":"has-post-thumbnail","6":"product_brand-holmac-italia-utilaje-pentru-lucrul-in-pepiniere","7":"product_cat-carucioare-pentru-ghivece","8":"product_cat-masini-si-utilaje","9":"product_cat-pepiniere","10":"product_cat-silvicultura-si-exploatari-forestiere","11":"product_tag-gradina","12":"product_tag-holmac","13":"product_tag-livezi","14":"product_tag-lucrari-comunale","15":"product_tag-lucrari-municipale","16":"product_tag-macara","17":"product_tag-parcuri","18":"product_tag-peisagistica","19":"product_tag-pomicultura","20":"product_tag-utilaj-nou","21":"product_tag-utilaje-profesionale","23":"first","24":"onbackorder","25":"taxable","26":"shipping-taxable","27":"product-type-simple"},"acf":[],"aioseo_notices":[],"jetpack_publicize_connections":[],"jetpack-related-posts":[],"jetpack_likes_enabled":true,"jetpack_sharing_enabled":true,"_links":{"self":[{"href":"https:\/\/tehronmachines.ro\/pro\/wp-json\/wp\/v2\/product\/1841","targetHints":{"allow":["GET"]}}],"collection":[{"href":"https:\/\/tehronmachines.ro\/pro\/wp-json\/wp\/v2\/product"}],"about":[{"href":"https:\/\/tehronmachines.ro\/pro\/wp-json\/wp\/v2\/types\/product"}],"replies":[{"embeddable":true,"href":"https:\/\/tehronmachines.ro\/pro\/wp-json\/wp\/v2\/comments?post=1841"}],"wp:featuredmedia":[{"embeddable":true,"href":"https:\/\/tehronmachines.ro\/pro\/wp-json\/wp\/v2\/media\/1842"}],"wp:attachment":[{"href":"https:\/\/tehronmachines.ro\/pro\/wp-json\/wp\/v2\/media?parent=1841"}],"wp:term":[{"taxonomy":"product_cat","embeddable":true,"href":"https:\/\/tehronmachines.ro\/pro\/wp-json\/wp\/v2\/product_cat?post=1841"},{"taxonomy":"product_tag","embeddable":true,"href":"https:\/\/tehronmachines.ro\/pro\/wp-json\/wp\/v2\/product_tag?post=1841"}],"curies":[{"name":"wp","href":"https:\/\/api.w.org\/{rel}","templated":true}]}}