{"id":1834,"date":"2023-08-18T14:28:31","date_gmt":"2023-08-18T11:28:31","guid":{"rendered":"https:\/\/tehronmachines.ro\/pro\/?post_type=product&#038;p=1834"},"modified":"2024-10-16T11:06:17","modified_gmt":"2024-10-16T08:06:17","slug":"masina-profesionala-pentru-transportat-plante-si-materiale-in-pepiniera-holmac-transportor","status":"publish","type":"product","link":"https:\/\/tehronmachines.ro\/pro\/produs\/masina-profesionala-pentru-transportat-plante-si-materiale-in-pepiniera-holmac-transportor\/","title":{"rendered":"Ma\u0219in\u0103 pentru transportat plante si materiale \u00een pepinier\u0103 &#8211; HOLMAC Transportor"},"content":{"rendered":"<p>Aceast\u0103 ma\u0219in\u0103 este special\u0103 pentru transportul plantelor \u0219i materialelor \u00een pepiniera \u0219i are o capacitate maxim\u0103 de 4000 de kilograme. Aprobat\u0103 \u0219i pentru lucr\u0103ri de t\u0103iere, aceast\u0103 ma\u0219in\u0103 vine cu un recipient care atinge 8,4 metri \u00een\u0103l\u021bime \u0219i \/ sau o platform\u0103 de patru persoane care atinge 2,95 metri. Alimentat de un motor turbo diesel de 59 CP, are o mi\u0219care hidrostatic\u0103 \u00eenainte cu o vitez\u0103 variabil\u0103 \u00eentre 1 \u0219i 10 Km \/ h.<\/p>\n<p>&nbsp;<\/p>\n<p>&nbsp;<\/p>\n<h2><span style=\"color: #ffcc00\">Specifica\u021bii:<\/span><\/h2>\n<table width=\"355\">\n<tbody>\n<tr>\n<td width=\"210\">Motor<\/td>\n<td width=\"145\">Turbo DIESEL in 4 cilindri<\/td>\n<\/tr>\n<tr>\n<td>Puterea motorului<\/td>\n<td>59 CP<\/td>\n<\/tr>\n<tr>\n<td>\u00cen\u0103l\u021bimea maxim\u0103 de lucru<\/td>\n<td>8,4 metri<\/td>\n<\/tr>\n<tr>\n<td>Platforma de transport<\/td>\n<td>2,95 metri<\/td>\n<\/tr>\n<\/tbody>\n<\/table>\n<p>&nbsp;<\/p>\n<p>&nbsp;<\/p>\n<p>Imaginile sunt orientative!<\/p>\n<p>&nbsp;<\/p>\n<p>Pre\u021burile nu includ TVA!<\/p>\n<p>&nbsp;<\/p>\n<p>&nbsp;<\/p>\n","protected":false},"excerpt":{"rendered":"<p>Platforma de transport: 2,95 metri<\/p>\n<p>Motor Turbo Diesel, 4 cilindri<\/p>\n<p>Puterea motorului: 59\u00a0 CP<\/p>\n<p>\u00cen\u0103l\u021bimea maxim\u0103: 8,4\u00a0 metri<\/p>\n","protected":false},"featured_media":1836,"comment_status":"closed","ping_status":"closed","template":"","meta":{"_acf_changed":false,"_exactmetrics_skip_tracking":false,"_exactmetrics_sitenote_active":false,"_exactmetrics_sitenote_note":"","_exactmetrics_sitenote_category":0,"_monsterinsights_skip_tracking":false,"_monsterinsights_sitenote_active":false,"_monsterinsights_sitenote_note":"","_monsterinsights_sitenote_category":0,"neve_meta_sidebar":"","neve_meta_container":"","neve_meta_enable_content_width":"off","neve_meta_content_width":100,"neve_meta_title_alignment":"","neve_meta_author_avatar":"","neve_post_elements_order":"","neve_meta_disable_header":"","neve_meta_disable_footer":"","neve_meta_disable_title":"","jetpack_post_was_ever_published":false,"jetpack_publicize_message":"","jetpack_publicize_feature_enabled":true,"jetpack_social_post_already_shared":true,"jetpack_social_options":{"image_generator_settings":{"template":"highway","default_image_id":0,"font":"","enabled":false},"version":2}},"product_cat":[27,1055,1042,1041],"product_tag":[42,751,283,289,290,755,280,41,287,754,211],"class_list":{"0":"post-1834","1":"product","2":"type-product","3":"status-publish","4":"has-post-thumbnail","6":"product_brand-holmac-italia-utilaje-pentru-lucrul-in-pepiniere","7":"product_cat-masini-si-utilaje","8":"product_cat-masini-speciale","9":"product_cat-pepiniere","10":"product_cat-silvicultura-si-exploatari-forestiere","11":"product_tag-gradina","12":"product_tag-holmac","13":"product_tag-livezi","14":"product_tag-lucrari-comunale","15":"product_tag-lucrari-municipale","16":"product_tag-macara","17":"product_tag-parcuri","18":"product_tag-peisagistica","19":"product_tag-pomicultura","20":"product_tag-utilaj-nou","21":"product_tag-utilaje-profesionale","23":"first","24":"onbackorder","25":"taxable","26":"shipping-taxable","27":"product-type-simple"},"acf":[],"aioseo_notices":[],"jetpack_publicize_connections":[],"jetpack-related-posts":[],"jetpack_likes_enabled":true,"jetpack_sharing_enabled":true,"_links":{"self":[{"href":"https:\/\/tehronmachines.ro\/pro\/wp-json\/wp\/v2\/product\/1834","targetHints":{"allow":["GET"]}}],"collection":[{"href":"https:\/\/tehronmachines.ro\/pro\/wp-json\/wp\/v2\/product"}],"about":[{"href":"https:\/\/tehronmachines.ro\/pro\/wp-json\/wp\/v2\/types\/product"}],"replies":[{"embeddable":true,"href":"https:\/\/tehronmachines.ro\/pro\/wp-json\/wp\/v2\/comments?post=1834"}],"wp:featuredmedia":[{"embeddable":true,"href":"https:\/\/tehronmachines.ro\/pro\/wp-json\/wp\/v2\/media\/1836"}],"wp:attachment":[{"href":"https:\/\/tehronmachines.ro\/pro\/wp-json\/wp\/v2\/media?parent=1834"}],"wp:term":[{"taxonomy":"product_cat","embeddable":true,"href":"https:\/\/tehronmachines.ro\/pro\/wp-json\/wp\/v2\/product_cat?post=1834"},{"taxonomy":"product_tag","embeddable":true,"href":"https:\/\/tehronmachines.ro\/pro\/wp-json\/wp\/v2\/product_tag?post=1834"}],"curies":[{"name":"wp","href":"https:\/\/api.w.org\/{rel}","templated":true}]}}