{"id":1684,"date":"2023-08-02T17:07:28","date_gmt":"2023-08-02T14:07:28","guid":{"rendered":"https:\/\/tehronmachines.ro\/pro\/?post_type=product&#038;p=1684"},"modified":"2024-11-02T01:42:40","modified_gmt":"2024-11-01T22:42:40","slug":"fierastrau-profesional-oregon-890-flush-cut-actionare-hidraulica-pinion-de-actionare-force-4-debit-de-ulei-30-l-min-taiere-cu-jet","status":"publish","type":"product","link":"https:\/\/tehronmachines.ro\/pro\/produs\/fierastrau-profesional-oregon-890-flush-cut-actionare-hidraulica-pinion-de-actionare-force-4-debit-de-ulei-30-l-min-taiere-cu-jet\/","title":{"rendered":"Fier\u0103str\u0103u ICS 890 FLUSH CUT &#8211; ac\u021bionare hidraulic\u0103, pinion de ac\u021bionare FORCE 4,  debit de ulei &#8211; 45 L\/min, t\u0103iere cu jet"},"content":{"rendered":"<h3>Construit pentru a satisface cerin\u021bele de operare \u0219i flexibilitate ale utilizatorilor generali din domeniul construc\u021biilor, acest model este unic \u00een ceea ce prive\u0219te fiabilitatea \u0219i valoarea. Compatibil cu \u00eentreaga gam\u0103 de lan\u021buri diamantate FORCE4.\u00a0 Poate fi transformat pentru a opera lan\u021burile de t\u0103iere a \u021bevilor PowerGrit prin schimbarea pinionului de ac\u021bionare \u0219i a barei de ghidare.<\/h3>\n<h3>Sistemul hidraulic de t\u0103iere ICS din seria 890 ofer\u0103 rezisten\u021ba superioar\u0103 a tehnologiei FORCE4\u00ae. De la m\u00e2nerul din spate reproiectat, mai durabil, p\u00e2n\u0103 la pinionul de transmisie u\u0219or de \u00eenlocuit, acest fier\u0103str\u0103u este proiectat pentru a face fa\u021b\u0103 celor mai dificile lucr\u0103ri. \u00centr-un pachet care dep\u0103\u0219e\u0219te standardele din industrie, aceast\u0103 ma\u0219in\u0103 de for\u021b\u0103 elegant\u0103 este plin\u0103 de caracteristici concepute pentru a o face s\u0103 lucreze la fel de mult ca \u0219i dumneavoastr\u0103.<\/h3>\n<p>&nbsp;<\/p>\n<h1><span style=\"color: #ffcc00\">Comparatie produse:<\/span><\/h1>\n<table width=\"798\">\n<tbody>\n<tr>\n<td width=\"195\">Model<\/td>\n<td width=\"135\">890 hidraulic- 45 L\/min<\/td>\n<td width=\"139\">890 hidraulic- 30 L\/min<\/td>\n<td width=\"166\">890 flush hydr &#8211; 45 L\/min<\/td>\n<td width=\"163\">890 flush hydr &#8211; 30L\/min<\/td>\n<\/tr>\n<tr>\n<td><\/td>\n<td><\/td>\n<td><\/td>\n<td><\/td>\n<td><\/td>\n<\/tr>\n<tr>\n<td><\/td>\n<td><\/td>\n<td><\/td>\n<td><\/td>\n<td><\/td>\n<\/tr>\n<tr>\n<td>Mas\u0103<\/td>\n<td>10,6 kg<\/td>\n<td>10,6 kg<\/td>\n<td>10,6 kg<\/td>\n<td>10,6 kg<\/td>\n<\/tr>\n<tr>\n<td>Debit ulei hidraulic<\/td>\n<td>45 L\/min<\/td>\n<td>30 L\/min<\/td>\n<td>45 L\/min<\/td>\n<td>30 L\/min<\/td>\n<\/tr>\n<tr>\n<td>Presiune hidraulic\u0103 minim\u0103<\/td>\n<td>172,5 bar<\/td>\n<td>172,5 bar<\/td>\n<td>172,5 bar<\/td>\n<td>172,5 bar<\/td>\n<\/tr>\n<tr>\n<td>Ad\u00e2ncime de t\u0103iere<\/td>\n<td>63 cm<\/td>\n<td>63 cm<\/td>\n<td>63 cm<\/td>\n<td>63 cm<\/td>\n<\/tr>\n<tr>\n<td>Debit minim de ap\u0103<\/td>\n<td>8 L\/min<\/td>\n<td>8 L\/min<\/td>\n<td>8 L\/min<\/td>\n<td>8 L\/min<\/td>\n<\/tr>\n<tr>\n<td>Presiune minim\u0103 a apei<\/td>\n<td>1,4 bar<\/td>\n<td>1,4 bar<\/td>\n<td>1,4 bar<\/td>\n<td>1,4 bar<\/td>\n<\/tr>\n<tr>\n<td>Nivel de zgomot<\/td>\n<td>98 dB<\/td>\n<td>98 dB<\/td>\n<td>98 dB<\/td>\n<td>98 dB<\/td>\n<\/tr>\n<tr>\n<td>Putere generat\u0103<\/td>\n<td>8 CP<\/td>\n<td>6 CP<\/td>\n<td>8 CP<\/td>\n<td>6 CP<\/td>\n<\/tr>\n<tr>\n<td>Taiere cu jet<\/td>\n<td>Nu<\/td>\n<td>Nu<\/td>\n<td>Da<\/td>\n<td>Da<\/td>\n<\/tr>\n<\/tbody>\n<\/table>\n<p>Pre\u021burile nu con\u021bin TVA!<\/p>\n<p>&nbsp;<\/p>\n<p>Imaginile sunt orientative!<\/p>\n","protected":false},"excerpt":{"rendered":"<p>Putere generat\u0103: 8 CP<\/p>\n<p>Mod de ac\u021bionare: Hidraulic<\/p>\n<p>Presiune hidraulic\u0103 minim\u0103: 172,5 bar<\/p>\n<p>Ad\u00e2ncime maxim\u0103 de taiere: 630 mm<\/p>\n<p>T\u0103iere cu jet : Da<\/p>\n","protected":false},"featured_media":1982,"comment_status":"open","ping_status":"closed","template":"","meta":{"_acf_changed":false,"_exactmetrics_skip_tracking":false,"_exactmetrics_sitenote_active":false,"_exactmetrics_sitenote_note":"","_exactmetrics_sitenote_category":0,"_monsterinsights_skip_tracking":false,"_monsterinsights_sitenote_active":false,"_monsterinsights_sitenote_note":"","_monsterinsights_sitenote_category":0,"neve_meta_sidebar":"","neve_meta_container":"","neve_meta_enable_content_width":"off","neve_meta_content_width":100,"neve_meta_title_alignment":"","neve_meta_author_avatar":"","neve_post_elements_order":"","neve_meta_disable_header":"","neve_meta_disable_footer":"","neve_meta_disable_title":"","jetpack_post_was_ever_published":false,"jetpack_publicize_message":"","jetpack_publicize_feature_enabled":true,"jetpack_social_post_already_shared":true,"jetpack_social_options":{"image_generator_settings":{"template":"highway","default_image_id":0,"font":"","enabled":false},"version":2}},"product_cat":[998,1011,27],"product_tag":[726,718,717,716,715,714,725,348,719],"class_list":{"0":"post-1684","1":"product","2":"type-product","3":"status-publish","4":"has-post-thumbnail","6":"product_brand-ics-fierastraie-cu-lanturi-diamantate","7":"product_cat-constructii","8":"product_cat-fierastrau-cu-lant-diamantat","9":"product_cat-masini-si-utilaje","10":"product_tag-actionare-hidraulica","11":"product_tag-apa","12":"product_tag-beton","13":"product_tag-constructii","14":"product_tag-fierastraie","15":"product_tag-fierastrau","16":"product_tag-force4","17":"product_tag-hidraulic","18":"product_tag-lant-diamantat","20":"first","21":"onbackorder","22":"taxable","23":"shipping-taxable","24":"product-type-simple"},"acf":[],"aioseo_notices":[],"jetpack_publicize_connections":[],"jetpack-related-posts":[],"jetpack_likes_enabled":true,"jetpack_sharing_enabled":true,"_links":{"self":[{"href":"https:\/\/tehronmachines.ro\/pro\/wp-json\/wp\/v2\/product\/1684","targetHints":{"allow":["GET"]}}],"collection":[{"href":"https:\/\/tehronmachines.ro\/pro\/wp-json\/wp\/v2\/product"}],"about":[{"href":"https:\/\/tehronmachines.ro\/pro\/wp-json\/wp\/v2\/types\/product"}],"replies":[{"embeddable":true,"href":"https:\/\/tehronmachines.ro\/pro\/wp-json\/wp\/v2\/comments?post=1684"}],"wp:featuredmedia":[{"embeddable":true,"href":"https:\/\/tehronmachines.ro\/pro\/wp-json\/wp\/v2\/media\/1982"}],"wp:attachment":[{"href":"https:\/\/tehronmachines.ro\/pro\/wp-json\/wp\/v2\/media?parent=1684"}],"wp:term":[{"taxonomy":"product_cat","embeddable":true,"href":"https:\/\/tehronmachines.ro\/pro\/wp-json\/wp\/v2\/product_cat?post=1684"},{"taxonomy":"product_tag","embeddable":true,"href":"https:\/\/tehronmachines.ro\/pro\/wp-json\/wp\/v2\/product_tag?post=1684"}],"curies":[{"name":"wp","href":"https:\/\/api.w.org\/{rel}","templated":true}]}}